CRAN Package Check Results for Package gplite

Last updated on 2022-05-18 06:50:43 CEST.

Flavor Version Tinstall Tcheck Ttotal Status Flags
r-devel-linux-x86_64-debian-clang 0.12.0 36.78 228.32 265.10 OK
r-devel-linux-x86_64-debian-gcc 0.12.0 25.41 169.04 194.45 OK
r-devel-linux-x86_64-fedora-clang 0.12.0 314.13 OK
r-devel-linux-x86_64-fedora-gcc 0.12.0 306.45 OK
r-devel-windows-x86_64 0.12.0 56.00 279.00 335.00 OK
r-patched-linux-x86_64 0.12.0 28.58 215.99 244.57 OK
r-release-linux-x86_64 0.12.0 29.51 215.91 245.42 OK
r-release-macos-arm64 0.12.0 92.00 OK
r-release-macos-x86_64 0.12.0 122.00 OK
r-release-windows-x86_64 0.12.0 61.00 283.00 344.00 OK
r-oldrel-macos-arm64 0.12.0 109.00 NOTE
r-oldrel-macos-x86_64 0.12.0 182.00 OK
r-oldrel-windows-ix86+x86_64 0.12.0 81.00 365.00 446.00 NOTE

Check Details

Version: 0.12.0
Check: installed package size
Result: NOTE
     installed size is 5.0Mb
     sub-directories of 1Mb or more:
     doc 3.1Mb
     libs 1.6Mb
Flavors: r-oldrel-macos-arm64, r-oldrel-windows-ix86+x86_64