CRAN Package Check Results for Package gplots

Last updated on 2020-11-25 06:46:42 CET.

Flavor Version Tinstall Tcheck Ttotal Status Flags
r-devel-linux-x86_64-debian-clang 3.1.0 9.76 78.13 87.89 OK
r-devel-linux-x86_64-debian-gcc 3.1.0 5.91 58.68 64.59 OK
r-devel-linux-x86_64-fedora-clang 3.1.0 108.54 NOTE
r-devel-linux-x86_64-fedora-gcc 3.1.0 100.65 OK
r-devel-windows-ix86+x86_64 3.1.0 12.00 103.00 115.00 OK
r-patched-linux-x86_64 3.1.0 7.55 74.70 82.25 OK
r-patched-solaris-x86 3.1.0 127.70 OK
r-release-linux-x86_64 3.1.0 7.68 74.91 82.59 OK
r-release-macos-x86_64 3.1.0 OK
r-release-windows-ix86+x86_64 3.1.0 13.00 91.00 104.00 OK
r-oldrel-macos-x86_64 3.1.0 OK
r-oldrel-windows-ix86+x86_64 3.1.0 10.00 94.00 104.00 OK

Check Details

Version: 3.1.0
Check: Rd cross-references
Result: NOTE
    Undeclared package ‘r2d2’ in Rd xrefs
Flavor: r-devel-linux-x86_64-fedora-clang