CRAN Package Check Results for Package gppm

Last updated on 2023-01-27 07:50:33 CET.

Flavor Version Tinstall Tcheck Ttotal Status Flags
r-devel-linux-x86_64-debian-clang 0.2.0 10.96 276.04 287.00 OK
r-devel-linux-x86_64-debian-gcc 0.2.0 6.20 216.22 222.42 OK
r-devel-linux-x86_64-fedora-clang 0.2.0 325.15 OK
r-devel-linux-x86_64-fedora-gcc 0.2.0 357.64 OK
r-devel-windows-x86_64 0.2.0 27.00 229.00 256.00 ERROR
r-patched-linux-x86_64 0.2.0 12.62 259.73 272.35 OK
r-release-linux-x86_64 0.2.0 9.02 269.16 278.18 OK
r-release-macos-arm64 0.2.0 83.00 OK
r-release-macos-x86_64 0.2.0 193.00 OK
r-release-windows-x86_64 0.2.0 17.00 241.00 258.00 ERROR
r-oldrel-macos-arm64 0.2.0 87.00 OK
r-oldrel-macos-x86_64 0.2.0 172.00 OK
r-oldrel-windows-ix86+x86_64 0.2.0 26.00 198.00 224.00 ERROR

Check Details

Version: 0.2.0
Check: tests
Result: ERROR
     Running 'testthat.R' [107s]
    Running the tests in 'tests/testthat.R' failed.
    Complete output:
     > Sys.setenv("R_TESTS" = "")
     > library(testthat)
     > library(gppm)
     Loading required package: Rcpp
     >
     > test_check("gppm")
     make cmd is
     make -f "D:/RCompile/recent/R/etc/x64/Makeconf" -f "D:/RCompile/recent/R/share/make/winshlib.mk" CXX='$(CXX14) $(CXX14STD)' CXXFLAGS='$(CXX14FLAGS)' CXXPICFLAGS='$(CXX14PICFLAGS)' SHLIB_LDFLAGS='$(SHLIB_CXX14LDFLAGS)' SHLIB_LD='$(SHLIB_CXX14LD)' SHLIB="file75bc5994822.dll" WIN=64 TCLBIN= OBJECTS="file75bc5994822.o"
    
     make would use
     make[1]: Entering directory '/d/temp/RtmpeINQr1'
     if test "zfile75bc5994822.o" != "z"; then \
     if test -e "file75bc5994822-win.def"; then \
     echo g++ -shared -s -static-libgcc -o file75bc5994822.dll file75bc5994822-win.def file75bc5994822.o -L"d:/rtools43/x86_64-w64-mingw32.static.posix/lib/x64" -L"d:/rtools43/x86_64-w64-mingw32.static.posix/lib" -L"D:/RCompile/recent/R/bin/x64" -lR ; \
     g++ -shared -s -static-libgcc -o file75bc5994822.dll file75bc5994822-win.def file75bc5994822.o -L"d:/rtools43/x86_64-w64-mingw32.static.posix/lib/x64" -L"d:/rtools43/x86_64-w64-mingw32.static.posix/lib" -L"D:/RCompile/recent/R/bin/x64" -lR ; \
     else \
     echo EXPORTS > tmp.def; \
     nm file75bc5994822.o | sed -n 's/^.* [BCDRT] / /p' | sed -e '/[.]refptr[.]/d' -e '/[.]weak[.]/d' | sed 's/[^ ][^ ]*/"&"/g' >> tmp.def; \
     echo g++ -shared -s -static-libgcc -o file75bc5994822.dll tmp.def file75bc5994822.o -L"d:/rtools43/x86_64-w64-mingw32.static.posix/lib/x64" -L"d:/rtools43/x86_64-w64-mingw32.static.posix/lib" -L"D:/RCompile/recent/R/bin/x64" -lR ; \
     g++ -shared -s -static-libgcc -o file75bc5994822.dll tmp.def file75bc5994822.o -L"d:/rtools43/x86_64-w64-mingw32.static.posix/lib/x64" -L"d:/rtools43/x86_64-w64-mingw32.static.posix/lib" -L"D:/RCompile/recent/R/bin/x64" -lR ; \
     rm -f tmp.def; \
     fi \
     fi
     make[1]: Leaving directory '/d/temp/RtmpeINQr1'
     Error in compileCode(f, code, language = language, verbose = verbose) :
     D:\rtools43\x86_64-w64-mingw32.static.posix\bin/ld.exe: file75bc5994822.o:file75bc5994822.cpp:(.text$_ZN3tbb8internal26task_scheduler_observer_v3D0Ev[_ZN3tbb8internal26task_scheduler_observer_v3D0Ev]+0x1c): undefined reference to `tbb::internal::task_scheduler_observer_v3::observe(bool)'D:\rtools43\x86_64-w64-mingw32.static.posix\bin/ld.exe: file75bc5994822.o:file75bc5994822.cpp:(.text$_ZN3tbb10interface623task_scheduler_observerD1Ev[_ZN3tbb10interface623task_scheduler_observerD1Ev]+0x1c): undefined reference to `tbb::internal::task_scheduler_observer_v3::observe(bool)'D:\rtools43\x86_64-w64-mingw32.static.posix\bin/ld.exe: file75bc5994822.o:file75bc5994822.cpp:(.text$_ZN3tbb10interface623task_scheduler_observerD1Ev[_ZN3tbb10interface623task_scheduler_observerD1Ev]+0x37): undefined reference to `tbb::internal::task_scheduler_observer_v3::observe(bool)'D:\rtools43\x86_64-w64-mingw32.static.posix\bin/ld.exe: file75bc5994822.o:file75bc5994822.cpp:(.text$_ZN3tbb10interface623task_
     Calls: test_check ... <Anonymous> -> <Anonymous> -> force -> cxxfunction -> compileCode
     Error in sink(type = "output") : invalid connection
     Calls: test_check ... withVisible -> <Anonymous> -> cxxfunctionplus -> sink
     Execution halted
Flavor: r-devel-windows-x86_64

Version: 0.2.0
Check: tests
Result: ERROR
     Running 'testthat.R' [114s]
    Running the tests in 'tests/testthat.R' failed.
    Complete output:
     > Sys.setenv("R_TESTS" = "")
     > library(testthat)
     > library(gppm)
     Loading required package: Rcpp
     >
     > test_check("gppm")
     make cmd is
     make -f "D:/RCompile/recent/R-4.2.2/etc/x64/Makeconf" -f "D:/RCompile/recent/R-4.2.2/share/make/winshlib.mk" CXX='$(CXX14) $(CXX14STD)' CXXFLAGS='$(CXX14FLAGS)' CXXPICFLAGS='$(CXX14PICFLAGS)' SHLIB_LDFLAGS='$(SHLIB_CXX14LDFLAGS)' SHLIB_LD='$(SHLIB_CXX14LD)' SHLIB="file1e9585874764d.dll" WIN=64 TCLBIN= OBJECTS="file1e9585874764d.o"
    
     make would use
     make[1]: Entering directory '/d/temp/RtmpkfEC4g'
     if test "zfile1e9585874764d.o" != "z"; then \
     if test -e "file1e9585874764d-win.def"; then \
     echo g++ -shared -s -static-libgcc -o file1e9585874764d.dll file1e9585874764d-win.def file1e9585874764d.o -L"d:/rtools42/x86_64-w64-mingw32.static.posix/lib/x64" -L"d:/rtools42/x86_64-w64-mingw32.static.posix/lib" -L"D:/RCompile/recent/R-4.2.2/bin/x64" -lR ; \
     g++ -shared -s -static-libgcc -o file1e9585874764d.dll file1e9585874764d-win.def file1e9585874764d.o -L"d:/rtools42/x86_64-w64-mingw32.static.posix/lib/x64" -L"d:/rtools42/x86_64-w64-mingw32.static.posix/lib" -L"D:/RCompile/recent/R-4.2.2/bin/x64" -lR ; \
     else \
     echo EXPORTS > tmp.def; \
     nm file1e9585874764d.o | sed -n 's/^.* [BCDRT] / /p' | sed -e '/[.]refptr[.]/d' -e '/[.]weak[.]/d' | sed 's/[^ ][^ ]*/"&"/g' >> tmp.def; \
     echo g++ -shared -s -static-libgcc -o file1e9585874764d.dll tmp.def file1e9585874764d.o -L"d:/rtools42/x86_64-w64-mingw32.static.posix/lib/x64" -L"d:/rtools42/x86_64-w64-mingw32.static.posix/lib" -L"D:/RCompile/recent/R-4.2.2/bin/x64" -lR ; \
     g++ -shared -s -static-libgcc -o file1e9585874764d.dll tmp.def file1e9585874764d.o -L"d:/rtools42/x86_64-w64-mingw32.static.posix/lib/x64" -L"d:/rtools42/x86_64-w64-mingw32.static.posix/lib" -L"D:/RCompile/recent/R-4.2.2/bin/x64" -lR ; \
     rm -f tmp.def; \
     fi \
     fi
     make[1]: Leaving directory '/d/temp/RtmpkfEC4g'
     Error in compileCode(f, code, language = language, verbose = verbose) :
     D:\rtools42\x86_64-w64-mingw32.static.posix\bin/ld.exe: file1e9585874764d.o:file1e9585874764d.cpp:(.text$_ZN3tbb8internal26task_scheduler_observer_v3D0Ev[_ZN3tbb8internal26task_scheduler_observer_v3D0Ev]+0x1d): undefined reference to `tbb::internal::task_scheduler_observer_v3::observe(bool)'D:\rtools42\x86_64-w64-mingw32.static.posix\bin/ld.exe: file1e9585874764d.o:file1e9585874764d.cpp:(.text$_ZN3tbb10interface623task_scheduler_observerD1Ev[_ZN3tbb10interface623task_scheduler_observerD1Ev]+0x1d): undefined reference to `tbb::internal::task_scheduler_observer_v3::observe(bool)'D:\rtools42\x86_64-w64-mingw32.static.posix\bin/ld.exe: file1e9585874764d.o:file1e9585874764d.cpp:(.text$_ZN3tbb10interface623task_scheduler_observerD1Ev[_ZN3tbb10interface623task_scheduler_observerD1Ev]+0x3a): undefined reference to `tbb::internal::task_scheduler_observer_v3::observe(bool)'D:\rtools42\x86_64-w64-mingw32.static.posix\bin/ld.exe: file1e9585874764d.o:file1e9585874764d.cpp:(.text$_ZN3tbb10i
     Calls: test_check ... <Anonymous> -> <Anonymous> -> force -> cxxfunction -> compileCode
     Error in sink(type = "output") : invalid connection
     Calls: test_check ... withVisible -> <Anonymous> -> cxxfunctionplus -> sink
     Execution halted
Flavor: r-release-windows-x86_64

Version: 0.2.0
Check: tests
Result: ERROR
     Running 'testthat.R' [82s]
    Running the tests in 'tests/testthat.R' failed.
    Complete output:
     > Sys.setenv("R_TESTS" = "")
     > library(testthat)
     > library(gppm)
     Loading required package: Rcpp
     >
     > test_check("gppm")
     make cmd is
     make -f "D:/RCompile/recent/R-41~1.3/etc/x64/Makeconf" -f "D:/RCompile/recent/R-41~1.3/etc/x64/Makevars.site" -f "D:/RCompile/recent/R-41~1.3/share/make/winshlib.mk" CXX='$(CXX14) $(CXX14STD)' CXXFLAGS='$(CXX14FLAGS)' CXXPICFLAGS='$(CXX14PICFLAGS)' SHLIB_LDFLAGS='$(SHLIB_CXX14LDFLAGS)' SHLIB_LD='$(SHLIB_CXX14LD)' SHLIB="file830047f121b4.dll" WIN=64 TCLBIN=64 OBJECTS="file830047f121b4.o"
    
     make would use
     make[1]: Entering directory '/d/temp/Rtmp2n9anN'
     if test "zfile830047f121b4.o" != "z"; then \
     if test -e "file830047f121b4-win.def"; then \
     echo d:/Compiler/rtools40/mingw64/bin/g++ -shared -s -static-libgcc -o file830047f121b4.dll file830047f121b4-win.def file830047f121b4.o -L"d:/Compiler/gcc-4.9.3/local330/lib/x64" -L"d:/Compiler/gcc-4.9.3/local330/lib" -L"D:/RCompile/recent/R-41~1.3/bin/x64" -lR ; \
     d:/Compiler/rtools40/mingw64/bin/g++ -shared -s -static-libgcc -o file830047f121b4.dll file830047f121b4-win.def file830047f121b4.o -L"d:/Compiler/gcc-4.9.3/local330/lib/x64" -L"d:/Compiler/gcc-4.9.3/local330/lib" -L"D:/RCompile/recent/R-41~1.3/bin/x64" -lR ; \
     else \
     echo EXPORTS > tmp.def; \
     d:/Compiler/rtools40/mingw64/bin/nm file830047f121b4.o | sed -n 's/^.* [BCDRT] / /p' | sed -e '/[.]refptr[.]/d' -e '/[.]weak[.]/d' | sed 's/[^ ][^ ]*/"&"/g' >> tmp.def; \
     echo d:/Compiler/rtools40/mingw64/bin/g++ -shared -s -static-libgcc -o file830047f121b4.dll tmp.def file830047f121b4.o -L"d:/Compiler/gcc-4.9.3/local330/lib/x64" -L"d:/Compiler/gcc-4.9.3/local330/lib" -L"D:/RCompile/recent/R-41~1.3/bin/x64" -lR ; \
     d:/Compiler/rtools40/mingw64/bin/g++ -shared -s -static-libgcc -o file830047f121b4.dll tmp.def file830047f121b4.o -L"d:/Compiler/gcc-4.9.3/local330/lib/x64" -L"d:/Compiler/gcc-4.9.3/local330/lib" -L"D:/RCompile/recent/R-41~1.3/bin/x64" -lR ; \
     rm -f tmp.def; \
     fi \
     fi
     make[1]: Leaving directory '/d/temp/Rtmp2n9anN'
     Error in compileCode(f, code, language = language, verbose = verbose) :
     D:/Compiler/rtools40/mingw64/bin/../lib/gcc/x86_64-w64-mingw32/8.3.0/../../../../x86_64-w64-mingw32/bin/ld.exe: file830047f121b4.o:file830047f121b4.cpp:(.text$_ZN3tbb8internal26task_scheduler_observer_v3D1Ev[_ZN3tbb8internal26task_scheduler_observer_v3D1Ev]+0x14): undefined reference to `tbb::internal::task_scheduler_observer_v3::observe(bool)'D:/Compiler/rtools40/mingw64/bin/../lib/gcc/x86_64-w64-mingw32/8.3.0/../../../../x86_64-w64-mingw32/bin/ld.exe: file830047f121b4.o:file830047f121b4.cpp:(.text$_ZN3tbb8internal26task_scheduler_observer_v3D0Ev[_ZN3tbb8internal26task_scheduler_observer_v3D0Ev]+0x1c): undefined reference to `tbb::internal::task_scheduler_observer_v3::observe(bool)'D:/Compiler/rtools40/mingw64/bin/../lib/gcc/x86_64-w64-mingw32/8.3.0/../../../../x86_64-w64-mingw32/bin/ld.exe: file830047f121b4.o:file830047f121b4.cpp:(.text$_ZN3tbb10interface623task_scheduler_observerD0Ev[_ZN3tbb10interface623task_scheduler_observerD0Ev]+0x1c): undefined reference to `tbb::inter
     Calls: test_check ... <Anonymous> -> <Anonymous> -> force -> cxxfunction -> compileCode
     Error in sink(type = "output") : invalid connection
     Calls: test_check ... withVisible -> <Anonymous> -> cxxfunctionplus -> sink
     Execution halted
Flavor: r-oldrel-windows-ix86+x86_64