CRAN Package Check Results for Package gquad

Last updated on 2022-06-29 06:53:27 CEST.

Flavor Version Tinstall Tcheck Ttotal Status Flags
r-devel-linux-x86_64-debian-clang 2.1-1 5.13 40.79 45.92 NOTE
r-devel-linux-x86_64-debian-gcc 2.1-1 4.37 31.54 35.91 NOTE
r-devel-linux-x86_64-fedora-clang 2.1-1 66.35 NOTE
r-devel-linux-x86_64-fedora-gcc 2.1-1 65.53 NOTE
r-devel-windows-x86_64 2.1-1 14.00 66.00 80.00 NOTE
r-patched-linux-x86_64 2.1-1 4.89 39.99 44.88 NOTE
r-release-linux-x86_64 2.1-1 6.09 40.48 46.57 NOTE
r-release-macos-arm64 2.1-1 22.00 NOTE
r-release-macos-x86_64 2.1-1 29.00 NOTE
r-release-windows-x86_64 2.1-1 12.00 66.00 78.00 NOTE
r-oldrel-macos-arm64 2.1-1 28.00 NOTE
r-oldrel-macos-x86_64 2.1-1 42.00 NOTE
r-oldrel-windows-ix86+x86_64 2.1-1 13.00 57.00 70.00 NOTE

Check Details

Version: 2.1-1
Check: LazyData
Result: NOTE
     'LazyData' is specified without a 'data' directory
Flavors: r-devel-linux-x86_64-debian-clang, r-devel-linux-x86_64-debian-gcc, r-devel-linux-x86_64-fedora-clang, r-devel-linux-x86_64-fedora-gcc, r-devel-windows-x86_64, r-patched-linux-x86_64, r-release-linux-x86_64, r-release-macos-arm64, r-release-macos-x86_64, r-release-windows-x86_64, r-oldrel-macos-arm64, r-oldrel-macos-x86_64, r-oldrel-windows-ix86+x86_64