CRAN Package Check Results for Package grImport

Last updated on 2022-07-06 06:52:52 CEST.

Flavor Version Tinstall Tcheck Ttotal Status Flags
r-devel-linux-x86_64-debian-clang 0.9-5 5.33 69.61 74.94 OK
r-devel-linux-x86_64-debian-gcc 0.9-5 4.22 53.46 57.68 OK
r-devel-linux-x86_64-fedora-clang 0.9-5 100.88 OK
r-devel-linux-x86_64-fedora-gcc 0.9-5 100.00 OK
r-devel-windows-x86_64 0.9-5 37.00 146.00 183.00 OK
r-patched-linux-x86_64 0.9-5 4.19 67.51 71.70 OK
r-release-linux-x86_64 0.9-5 3.88 67.65 71.53 OK
r-release-macos-arm64 0.9-5 39.00 OK
r-release-macos-x86_64 0.9-5 40.00 ERROR
r-release-windows-x86_64 0.9-5 31.00 143.00 174.00 OK
r-oldrel-macos-arm64 0.9-5 40.00 OK
r-oldrel-macos-x86_64 0.9-5 62.00 OK
r-oldrel-windows-ix86+x86_64 0.9-5 10.00 108.00 118.00 OK

Check Details

Version: 0.9-5
Check: tests
Result: ERROR
     Running ‘testpage.R’ [1s/1s]
    Running the tests in ‘tests/testpage.R’ failed.
    Last 13 lines of output:
     > # Now import testpage.ps and draw it in various ways
     > #######################################
     >
     > require(grImport)
     Loading required package: grImport
     Loading required package: XML
     >
     > PostScriptTrace("testpage.ps", "testpage.xml")
     sh: gs: command not found
     Error in PostScriptTrace("testpage.ps", "testpage.xml") :
     sorry, 'gs' cannot be found
     In addition: Warning message:
     In system(paste(shQuote(gsexe), "-help > /dev/null")) :
     error in running command
     Execution halted
Flavor: r-release-macos-x86_64

Version: 0.9-5
Check: running R code from vignettes
Result: ERROR
    Errors in running code in vignettes:
    when running code in ‘import.Rnw’
     ...
    Loading required package: XML
    
    > PostScriptTrace("chess_game_01.fromInkscape.eps")
    sh: gs: command not found
    Warning in system(paste(shQuote(gsexe), "-help > /dev/null")) :
     error in running command
    
     When sourcing 'import.R':
    Error: sorry, 'gs' cannot be found
    Execution halted
    when running code in ‘importText.Rnw’
     ...
    Loading required package: XML
    
    > PostScriptTrace("hello.ps", "hello.xml")
    sh: gs: command not found
    Warning in system(paste(shQuote(gsexe), "-help > /dev/null")) :
     error in running command
    
     When sourcing 'importText.R':
    Error: sorry, 'gs' cannot be found
    Execution halted
    
     ‘import.Rnw’... failed
     ‘importText.Rnw’... failed
Flavor: r-release-macos-x86_64

Version: 0.9-5
Check: re-building of vignette outputs
Result: NOTE
    Error(s) in re-building vignettes:
    --- re-building ‘import.Rnw’ using Sweave
    Loading required package: XML
    sh: gs: command not found
    Warning in system(paste(shQuote(gsexe), "-help > /dev/null")) :
     error in running command
    
    Error: processing vignette 'import.Rnw' failed with diagnostics:
     chunk 5 (label = chesspiece)
    Error in PostScriptTrace("chess_game_01.fromInkscape.eps") :
     sorry, 'gs' cannot be found
    
    --- failed re-building 'import.Rnw'
    
    --- re-building 'importText.Rnw' using Sweave
    sh: gs: command not found
    Warning in system(paste(shQuote(gsexe), "-help > /dev/null")) :
     error in running command
    
    Error: processing vignette 'importText.Rnw' failed with diagnostics:
     chunk 4 (label = simpleimport)
    Error in PostScriptTrace("hello.ps", "hello.xml") :
     sorry, 'gs' cannot be found
    
    --- failed re-building 'importText.Rnw'
    
    SUMMARY: processing the following files failed:
     'import.Rnw' 'importText.Rnw'
    
    Error: Vignette re-building failed.
    Execution halted
Flavor: r-release-macos-x86_64