CRAN Package Check Results for Package graphhopper

Last updated on 2021-08-04 06:48:34 CEST.

Flavor Version Tinstall Tcheck Ttotal Status Flags
r-devel-linux-x86_64-debian-clang 0.1.2 2.34 27.66 30.00 NOTE
r-devel-linux-x86_64-debian-gcc 0.1.2 1.84 21.59 23.43 NOTE
r-devel-linux-x86_64-fedora-clang 0.1.2 47.58 NOTE
r-devel-linux-x86_64-fedora-gcc 0.1.2 43.98 NOTE
r-devel-windows-x86_64 0.1.2 4.00 50.00 54.00 NOTE
r-devel-windows-x86_64-gcc10-UCRT 0.1.2 NOTE
r-patched-linux-x86_64 0.1.2 2.43 26.31 28.74 NOTE
r-patched-solaris-x86 0.1.2 53.50 NOTE
r-release-linux-x86_64 0.1.2 2.37 27.05 29.42 NOTE
r-release-macos-arm64 0.1.2 NOTE
r-release-macos-x86_64 0.1.2 NOTE
r-release-windows-ix86+x86_64 0.1.2 6.00 37.00 43.00 NOTE
r-oldrel-macos-x86_64 0.1.2 OK
r-oldrel-windows-ix86+x86_64 0.1.2 5.00 50.00 55.00 OK

Check Details

Version: 0.1.2
Check: LazyData
Result: NOTE
     'LazyData' is specified without a 'data' directory
Flavors: r-devel-linux-x86_64-debian-clang, r-devel-linux-x86_64-debian-gcc, r-devel-linux-x86_64-fedora-clang, r-devel-linux-x86_64-fedora-gcc, r-devel-windows-x86_64, r-devel-windows-x86_64-gcc10-UCRT, r-patched-linux-x86_64, r-patched-solaris-x86, r-release-linux-x86_64, r-release-macos-arm64, r-release-macos-x86_64, r-release-windows-ix86+x86_64