CRAN Package Check Results for Package graphicalExtremes

Last updated on 2022-01-22 06:48:54 CET.

Flavor Version Tinstall Tcheck Ttotal Status Flags
r-devel-linux-x86_64-debian-clang 0.1.0 5.02 200.14 205.16 NOTE
r-devel-linux-x86_64-debian-gcc 0.1.0 3.46 148.00 151.46 NOTE
r-devel-linux-x86_64-fedora-clang 0.1.0 241.17 NOTE
r-devel-linux-x86_64-fedora-gcc 0.1.0 229.01 NOTE
r-devel-windows-x86_64-new-UL 0.1.0 173.00 219.00 392.00 NOTE
r-devel-windows-x86_64-new-TK 0.1.0 NOTE
r-patched-linux-x86_64 0.1.0 4.14 198.49 202.63 NOTE
r-release-linux-x86_64 0.1.0 3.82 193.46 197.28 NOTE
r-release-macos-arm64 0.1.0 NOTE
r-release-macos-x86_64 0.1.0 NOTE
r-release-windows-ix86+x86_64 0.1.0 8.00 231.00 239.00 NOTE
r-oldrel-macos-x86_64 0.1.0 OK
r-oldrel-windows-ix86+x86_64 0.1.0 8.00 234.00 242.00 OK

Check Details

Version: 0.1.0
Check: LazyData
Result: NOTE
     'LazyData' is specified without a 'data' directory
Flavors: r-devel-linux-x86_64-debian-clang, r-devel-linux-x86_64-debian-gcc, r-devel-linux-x86_64-fedora-clang, r-devel-linux-x86_64-fedora-gcc, r-devel-windows-x86_64-new-UL, r-devel-windows-x86_64-new-TK, r-patched-linux-x86_64, r-release-linux-x86_64, r-release-macos-arm64, r-release-macos-x86_64, r-release-windows-ix86+x86_64