CRAN Package Check Results for Package graphkernels

Last updated on 2020-08-05 06:47:23 CEST.

Flavor Version Tinstall Tcheck Ttotal Status Flags
r-devel-linux-x86_64-debian-clang 1.6 50.44 69.90 120.34 OK
r-devel-linux-x86_64-debian-gcc 1.6 42.09 55.49 97.58 OK
r-devel-linux-x86_64-fedora-clang 1.6 165.74 NOTE
r-devel-linux-x86_64-fedora-gcc 1.6 158.37 OK
r-devel-windows-ix86+x86_64 1.6 121.00 150.00 271.00 OK
r-patched-linux-x86_64 1.6 44.05 73.13 117.18 OK
r-patched-solaris-x86 1.6 160.00 OK
r-release-linux-x86_64 1.6 42.36 73.00 115.36 OK
r-release-macos-x86_64 1.6 NOTE
r-release-windows-ix86+x86_64 1.6 114.00 172.00 286.00 OK
r-oldrel-macos-x86_64 1.6 NOTE
r-oldrel-windows-ix86+x86_64 1.6 75.00 170.00 245.00 OK

Check Details

Version: 1.6
Check: installed package size
Result: NOTE
     installed size is 11.3Mb
     sub-directories of 1Mb or more:
     libs 11.1Mb
Flavors: r-devel-linux-x86_64-fedora-clang, r-release-macos-x86_64, r-oldrel-macos-x86_64