Last updated on 2023-06-01 06:58:34 CEST.
Flavor | Version | Tinstall | Tcheck | Ttotal | Status | Flags |
---|---|---|---|---|---|---|
r-devel-linux-x86_64-debian-clang | 1.0.0 | 78.22 | 71.51 | 149.73 | OK | |
r-devel-linux-x86_64-debian-gcc | 1.0.0 | 62.87 | 52.58 | 115.45 | OK | |
r-devel-linux-x86_64-fedora-clang | 1.0.0 | 224.84 | OK | |||
r-devel-linux-x86_64-fedora-gcc | 1.0.0 | 227.52 | OK | |||
r-devel-windows-x86_64 | 1.0.0 | 63.00 | 118.00 | 181.00 | NOTE | |
r-patched-linux-x86_64 | 1.0.0 | OK | ||||
r-release-linux-x86_64 | 1.0.0 | 64.98 | 67.85 | 132.83 | OK | |
r-release-macos-arm64 | 1.0.0 | 75.00 | NOTE | |||
r-release-macos-x86_64 | 0.8.4 | 85.00 | NOTE | |||
r-release-windows-x86_64 | 1.0.0 | 83.00 | 139.00 | 222.00 | NOTE | |
r-oldrel-macos-arm64 | 1.0.0 | 57.00 | NOTE | |||
r-oldrel-macos-x86_64 | 1.0.0 | 72.00 | NOTE | |||
r-oldrel-windows-x86_64 | 1.0.0 | 77.00 | 132.00 | 209.00 | NOTE |
Version: 1.0.0
Check: installed package size
Result: NOTE
installed size is 5.7Mb
sub-directories of 1Mb or more:
doc 1.9Mb
help 2.4Mb
libs 1.2Mb
Flavors: r-devel-windows-x86_64, r-release-macos-arm64, r-release-windows-x86_64, r-oldrel-macos-arm64, r-oldrel-macos-x86_64, r-oldrel-windows-x86_64
Version: 0.8.4
Check: installed package size
Result: NOTE
installed size is 5.7Mb
sub-directories of 1Mb or more:
help 2.4Mb
libs 3.1Mb
Flavor: r-release-macos-x86_64