Last updated on 2023-02-03 06:50:20 CET.
Flavor | Version | Tinstall | Tcheck | Ttotal | Status | Flags |
---|---|---|---|---|---|---|
r-devel-linux-x86_64-debian-clang | 0.6.1 | 373.03 | 372.16 | 745.19 | NOTE | |
r-devel-linux-x86_64-debian-gcc | 0.6.1 | 321.99 | 233.29 | 555.28 | NOTE | |
r-devel-linux-x86_64-fedora-clang | 0.6.1 | 1032.27 | NOTE | |||
r-devel-linux-x86_64-fedora-gcc | 0.6.1 | 962.65 | NOTE | |||
r-devel-windows-x86_64 | 0.6.1 | 327.00 | 417.00 | 744.00 | NOTE | |
r-patched-linux-x86_64 | 0.6.1 | 348.87 | 301.58 | 650.45 | OK | |
r-release-linux-x86_64 | 0.6.1 | 345.51 | 305.09 | 650.60 | OK | |
r-release-macos-arm64 | 0.6.1 | 212.00 | NOTE | |||
r-release-macos-x86_64 | 0.6.1 | 279.00 | NOTE | |||
r-release-windows-x86_64 | 0.6.1 | 484.00 | 420.00 | 904.00 | OK | |
r-oldrel-macos-arm64 | 0.6.1 | 211.00 | NOTE | |||
r-oldrel-macos-x86_64 | 0.6.1 | 278.00 | NOTE | |||
r-oldrel-windows-ix86+x86_64 | 0.6.1 | 919.00 | 704.00 | 1623.00 | NOTE |
Version: 0.6.1
Check: C++ specification
Result: NOTE
Specified C++11: please update to current default of C++17
Flavors: r-devel-linux-x86_64-debian-clang, r-devel-linux-x86_64-debian-gcc, r-devel-linux-x86_64-fedora-clang, r-devel-linux-x86_64-fedora-gcc, r-devel-windows-x86_64
Version: 0.6.1
Check: data for non-ASCII characters
Result: NOTE
Note: found 989 marked UTF-8 strings
Flavors: r-devel-linux-x86_64-fedora-clang, r-devel-linux-x86_64-fedora-gcc, r-release-macos-arm64, r-release-macos-x86_64, r-oldrel-macos-arm64, r-oldrel-macos-x86_64
Version: 0.6.1
Check: installed package size
Result: NOTE
installed size is 19.7Mb
sub-directories of 1Mb or more:
libs 17.4Mb
Flavors: r-release-macos-arm64, r-release-macos-x86_64, r-oldrel-macos-arm64, r-oldrel-macos-x86_64, r-oldrel-windows-ix86+x86_64