CRAN Package Check Results for Package gren

Last updated on 2021-06-16 06:49:12 CEST.

Flavor Version Tinstall Tcheck Ttotal Status Flags
r-devel-linux-x86_64-debian-clang 0.0.1 45.43 73.33 118.76 OK
r-devel-linux-x86_64-debian-gcc 0.0.1 33.79 56.23 90.02 OK
r-devel-linux-x86_64-fedora-clang 0.0.1 164.93 OK
r-devel-linux-x86_64-fedora-gcc 0.0.1 150.83 OK
r-devel-windows-x86_64 0.0.1 58.00 104.00 162.00 OK
r-devel-windows-x86_64-gcc10-UCRT 0.0.1 OK
r-patched-linux-x86_64 0.0.1 43.10 70.74 113.84 OK
r-patched-solaris-x86 0.0.1 184.10 OK
r-release-linux-x86_64 0.0.1 39.61 70.90 110.51 OK
r-release-macos-arm64 0.0.1 NOTE
r-release-macos-x86_64 0.0.1 OK
r-release-windows-ix86+x86_64 0.0.1 109.00 132.00 241.00 OK
r-oldrel-macos-x86_64 0.0.1 OK
r-oldrel-windows-ix86+x86_64 0.0.1 77.00 135.00 212.00 OK

Check Details

Version: 0.0.1
Check: installed package size
Result: NOTE
     installed size is 5.2Mb
     sub-directories of 1Mb or more:
     libs 4.5Mb
Flavor: r-release-macos-arm64