CRAN Package Check Results for Package gridBase

Last updated on 2024-06-17 07:49:36 CEST.

Flavor Version Tinstall Tcheck Ttotal Status Flags
r-devel-linux-x86_64-debian-clang 0.4-7 2.15 29.42 31.57 NOTE
r-devel-linux-x86_64-debian-gcc 0.4-7 1.72 23.39 25.11 NOTE
r-devel-linux-x86_64-fedora-clang 0.4-7 41.06 NOTE
r-devel-linux-x86_64-fedora-gcc 0.4-7 50.75 NOTE
r-devel-windows-x86_64 0.4-7 2.00 62.00 64.00 NOTE
r-patched-linux-x86_64 0.4-7 1.78 29.19 30.97 NOTE
r-release-linux-x86_64 0.4-7 2.03 29.61 31.64 NOTE
r-release-macos-arm64 0.4-7 24.00 NOTE
r-release-macos-x86_64 0.4-7 54.00 NOTE
r-release-windows-x86_64 0.4-7 3.00 60.00 63.00 NOTE
r-oldrel-macos-arm64 0.4-7 24.00 NOTE
r-oldrel-macos-x86_64 0.4-7 33.00 NOTE
r-oldrel-windows-x86_64 0.4-7 4.00 55.00 59.00 NOTE

Check Details

Version: 0.4-7
Check: DESCRIPTION meta-information
Result: NOTE Malformed Description field: should contain one or more complete sentences. Flavors: r-devel-linux-x86_64-debian-clang, r-devel-linux-x86_64-debian-gcc, r-devel-linux-x86_64-fedora-clang, r-devel-linux-x86_64-fedora-gcc, r-devel-windows-x86_64, r-patched-linux-x86_64, r-release-linux-x86_64, r-release-macos-arm64, r-release-macos-x86_64, r-release-windows-x86_64, r-oldrel-macos-arm64, r-oldrel-macos-x86_64, r-oldrel-windows-x86_64