CRAN Package Check Results for Package gridOT

Last updated on 2024-04-18 06:57:43 CEST.

Flavor Version Tinstall Tcheck Ttotal Status Flags
r-devel-linux-x86_64-debian-clang 1.0.1 95.83 31.11 126.94 NOTE
r-devel-linux-x86_64-debian-gcc 1.0.1 71.85 24.27 96.12 NOTE
r-devel-linux-x86_64-fedora-clang 1.0.1 192.87 NOTE
r-devel-linux-x86_64-fedora-gcc 1.0.1 178.08 NOTE
r-prerel-macos-arm64 1.0.1 38.00 NOTE
r-prerel-windows-x86_64 1.0.1 68.00 68.00 136.00 NOTE
r-patched-linux-x86_64 1.0.1 83.01 29.44 112.45 NOTE
r-release-linux-x86_64 1.0.1 79.59 31.14 110.73 NOTE
r-release-macos-arm64 1.0.1 41.00 NOTE
r-release-macos-x86_64 1.0.1 72.00 NOTE
r-release-windows-x86_64 1.0.1 89.00 74.00 163.00 NOTE
r-oldrel-macos-arm64 1.0.1 40.00 OK
r-oldrel-windows-x86_64 1.0.1 88.00 72.00 160.00 OK

Check Details

Version: 1.0.1
Check: C++ specification
Result: NOTE Specified C++11: please drop specification unless essential Flavors: r-devel-linux-x86_64-debian-clang, r-devel-linux-x86_64-debian-gcc, r-devel-linux-x86_64-fedora-clang, r-devel-linux-x86_64-fedora-gcc, r-prerel-macos-arm64, r-prerel-windows-x86_64, r-patched-linux-x86_64, r-release-linux-x86_64, r-release-macos-arm64, r-release-macos-x86_64, r-release-windows-x86_64