CRAN Package Check Results for Package gridSVG

Last updated on 2024-07-16 07:01:40 CEST.

Flavor Version Tinstall Tcheck Ttotal Status Flags
r-devel-linux-x86_64-debian-clang 1.7-5 15.24 157.14 172.38 NOTE
r-devel-linux-x86_64-debian-gcc 1.7-5 11.10 119.77 130.87 NOTE
r-devel-linux-x86_64-fedora-clang 1.7-5 228.85 NOTE
r-devel-linux-x86_64-fedora-gcc 1.7-5 216.23 NOTE
r-devel-windows-x86_64 1.7-5 11.00 161.00 172.00 NOTE
r-patched-linux-x86_64 1.7-5 13.61 152.50 166.11 NOTE
r-release-linux-x86_64 1.7-5 13.94 154.11 168.05 NOTE
r-release-macos-arm64 1.7-5 64.00 NOTE
r-release-macos-x86_64 1.7-5 111.00 NOTE
r-release-windows-x86_64 1.7-5 14.00 163.00 177.00 NOTE
r-oldrel-macos-arm64 1.7-5 69.00 OK
r-oldrel-macos-x86_64 1.7-5 116.00 OK
r-oldrel-windows-x86_64 1.7-5 14.00 184.00 198.00 OK

Check Details

Version: 1.7-5
Check: Rd files
Result: NOTE checkRd: (-1) NEWS.Rd:669: Lost braces; missing escapes or markup? 669 | parameters are rounded so they belong to one of {0, 0.5, 1}. (Simon) | ^ checkRd: (-1) gradients.Rd:96-99: Lost braces in \itemize; meant \describe ? checkRd: (-1) gradients.Rd:100-103: Lost braces in \itemize; meant \describe ? checkRd: (-1) gradients.Rd:104-107: Lost braces in \itemize; meant \describe ? Flavors: r-devel-linux-x86_64-debian-clang, r-devel-linux-x86_64-debian-gcc, r-devel-linux-x86_64-fedora-clang, r-devel-linux-x86_64-fedora-gcc, r-devel-windows-x86_64, r-patched-linux-x86_64, r-release-linux-x86_64, r-release-macos-arm64, r-release-macos-x86_64, r-release-windows-x86_64

Version: 1.7-5
Check: Rd cross-references
Result: NOTE Found the following Rd file(s) with Rd \link{} targets missing package anchors: readCoordsJS.Rd: fromJSON readMappingsJS.Rd: fromJSON Please provide package anchors for all Rd \link{} targets not in the package itself and the base packages. Flavor: r-devel-windows-x86_64