Last updated on 2023-03-27 06:50:08 CEST.
Flavor | Version | Tinstall | Tcheck | Ttotal | Status | Flags |
---|---|---|---|---|---|---|
r-devel-linux-x86_64-debian-clang | 1.1.1 | 9.13 | 38.44 | 47.57 | NOTE | |
r-devel-linux-x86_64-debian-gcc | 1.1.1 | 7.38 | 29.59 | 36.97 | NOTE | |
r-devel-linux-x86_64-fedora-clang | 1.1.1 | 62.77 | NOTE | |||
r-devel-linux-x86_64-fedora-gcc | 1.1.1 | 60.08 | NOTE | |||
r-patched-linux-x86_64 | 1.1.1 | 9.68 | 36.84 | 46.52 | NOTE | |
r-release-linux-x86_64 | 1.1.1 | 8.83 | 36.20 | 45.03 | NOTE | |
r-release-macos-arm64 | 1.1.1 | 23.00 | NOTE | |||
r-release-macos-x86_64 | 1.1.1 | 29.00 | NOTE | |||
r-release-windows-x86_64 | 1.1.1 | 20.00 | 59.00 | 79.00 | NOTE | |
r-oldrel-macos-arm64 | 1.1.1 | 25.00 | NOTE | |||
r-oldrel-macos-x86_64 | 1.1.1 | 41.00 | NOTE | |||
r-oldrel-windows-ix86+x86_64 | 1.1.1 | 21.00 | 68.00 | 89.00 | NOTE |
Version: 1.1.1
Check: package subdirectories
Result: NOTE
Problems with news in ‘NEWS.md’:
No news entries found.
Flavors: r-devel-linux-x86_64-debian-clang, r-devel-linux-x86_64-debian-gcc, r-devel-linux-x86_64-fedora-clang, r-devel-linux-x86_64-fedora-gcc, r-patched-linux-x86_64
Version: 1.1.1
Check: LazyData
Result: NOTE
'LazyData' is specified without a 'data' directory
Flavors: r-devel-linux-x86_64-debian-clang, r-devel-linux-x86_64-debian-gcc, r-devel-linux-x86_64-fedora-clang, r-devel-linux-x86_64-fedora-gcc, r-patched-linux-x86_64, r-release-linux-x86_64, r-release-macos-arm64, r-release-macos-x86_64, r-release-windows-x86_64, r-oldrel-macos-arm64, r-oldrel-macos-x86_64, r-oldrel-windows-ix86+x86_64
Version: 1.1.1
Check: Rd cross-references
Result: NOTE
Undeclared packages ‘repeated’, ‘gnlm’ in Rd xrefs
Flavor: r-devel-linux-x86_64-fedora-clang