CRAN Package Check Results for Package grpsel

Last updated on 2022-01-17 06:53:18 CET.

Flavor Version Tinstall Tcheck Ttotal Status Flags
r-devel-linux-x86_64-debian-clang 1.2.0 137.40 53.25 190.65 OK
r-devel-linux-x86_64-debian-gcc 1.2.0 95.58 41.22 136.80 OK
r-devel-linux-x86_64-fedora-clang 1.2.0 294.88 OK
r-devel-linux-x86_64-fedora-gcc 1.2.0 244.51 OK
r-devel-windows-x86_64-new-UL 1.2.0 122.00 106.00 228.00 OK
r-devel-windows-x86_64-new-TK 1.2.0 OK
r-patched-linux-x86_64 1.2.0 118.35 50.07 168.42 OK
r-release-linux-x86_64 1.2.0 OK
r-release-macos-arm64 1.2.0 NOTE
r-release-macos-x86_64 1.2.0 OK
r-release-windows-ix86+x86_64 1.2.0 327.00 109.00 436.00 OK
r-oldrel-macos-x86_64 1.0.0 OK
r-oldrel-windows-ix86+x86_64 1.0.0 335.00 75.00 410.00 OK

Check Details

Version: 1.2.0
Check: installed package size
Result: NOTE
     installed size is 5.5Mb
     sub-directories of 1Mb or more:
     libs 5.3Mb
Flavor: r-release-macos-arm64