CRAN Package Check Results for Package gsisdecoder

Last updated on 2021-06-19 06:48:10 CEST.

Flavor Version Tinstall Tcheck Ttotal Status Flags
r-devel-linux-x86_64-debian-clang 0.0.1 18.26 28.13 46.39 NOTE
r-devel-linux-x86_64-debian-gcc 0.0.1 11.58 22.18 33.76 NOTE
r-devel-linux-x86_64-fedora-clang 0.0.1 69.30 NOTE
r-devel-linux-x86_64-fedora-gcc 0.0.1 54.31 NOTE
r-devel-windows-x86_64 0.0.1 23.00 42.00 65.00 NOTE
r-devel-windows-x86_64-gcc10-UCRT 0.0.1 NOTE
r-patched-linux-x86_64 0.0.1 14.60 27.10 41.70 NOTE
r-patched-solaris-x86 0.0.1 70.30 NOTE
r-release-linux-x86_64 0.0.1 14.11 26.93 41.04 NOTE
r-release-macos-arm64 0.0.1 NOTE
r-release-macos-x86_64 0.0.1 NOTE
r-release-windows-ix86+x86_64 0.0.1 44.00 72.00 116.00 NOTE
r-oldrel-macos-x86_64 0.0.1 OK
r-oldrel-windows-ix86+x86_64 0.0.1 31.00 69.00 100.00 OK

Check Details

Version: 0.0.1
Check: LazyData
Result: NOTE
     'LazyData' is specified without a 'data' directory
Flavors: r-devel-linux-x86_64-debian-clang, r-devel-linux-x86_64-debian-gcc, r-devel-linux-x86_64-fedora-clang, r-devel-linux-x86_64-fedora-gcc, r-devel-windows-x86_64, r-devel-windows-x86_64-gcc10-UCRT, r-patched-linux-x86_64, r-patched-solaris-x86, r-release-linux-x86_64, r-release-macos-arm64, r-release-macos-x86_64, r-release-windows-ix86+x86_64

Version: 0.0.1
Check: Rd cross-references
Result: NOTE
    Undeclared package ‘nflfastR’ in Rd xrefs
Flavor: r-devel-linux-x86_64-fedora-clang