CRAN Package Check Results for Package gsloid

Last updated on 2024-06-18 07:03:55 CEST.

Flavor Version Tinstall Tcheck Ttotal Status Flags
r-devel-linux-x86_64-debian-clang 0.2.0 1.65 33.15 34.80 NOTE
r-devel-linux-x86_64-debian-gcc 0.2.0 1.58 25.16 26.74 NOTE
r-devel-linux-x86_64-fedora-clang 0.2.0 45.58 NOTE
r-devel-linux-x86_64-fedora-gcc 0.2.0 55.92 NOTE
r-devel-windows-x86_64 0.2.0 2.00 46.00 48.00 NOTE
r-patched-linux-x86_64 0.2.0 2.22 31.11 33.33 NOTE
r-release-linux-x86_64 0.2.0 1.65 32.55 34.20 NOTE
r-release-macos-arm64 0.2.0 23.00 NOTE
r-release-macos-x86_64 0.2.0 34.00 NOTE
r-release-windows-x86_64 0.2.0 3.00 47.00 50.00 NOTE
r-oldrel-macos-arm64 0.2.0 24.00 OK
r-oldrel-macos-x86_64 0.2.0 35.00 OK
r-oldrel-windows-x86_64 0.2.0 3.00 49.00 52.00 OK

Check Details

Version: 0.2.0
Check: Rd files
Result: NOTE checkRd: (-1) lisiecki2005.Rd:21: Lost braces in \itemize; meant \describe ? checkRd: (-1) lisiecki2005.Rd:22: Lost braces in \itemize; meant \describe ? checkRd: (-1) lisiecki2005.Rd:23: Lost braces in \itemize; meant \describe ? checkRd: (-1) spratt2016.Rd:21: Lost braces in \itemize; meant \describe ? checkRd: (-1) spratt2016.Rd:22: Lost braces in \itemize; meant \describe ? checkRd: (-1) spratt2016.Rd:23: Lost braces in \itemize; meant \describe ? checkRd: (-1) spratt2016.Rd:24: Lost braces in \itemize; meant \describe ? checkRd: (-1) spratt2016.Rd:25: Lost braces in \itemize; meant \describe ? checkRd: (-1) spratt2016.Rd:26: Lost braces in \itemize; meant \describe ? checkRd: (-1) spratt2016.Rd:27: Lost braces in \itemize; meant \describe ? checkRd: (-1) spratt2016.Rd:28: Lost braces in \itemize; meant \describe ? checkRd: (-1) spratt2016.Rd:29: Lost braces in \itemize; meant \describe ? Flavors: r-devel-linux-x86_64-debian-clang, r-devel-linux-x86_64-debian-gcc, r-devel-linux-x86_64-fedora-clang, r-devel-linux-x86_64-fedora-gcc, r-devel-windows-x86_64, r-patched-linux-x86_64, r-release-linux-x86_64, r-release-macos-arm64, r-release-macos-x86_64, r-release-windows-x86_64