Last updated on 2023-12-02 06:48:16 CET.
Flavor | Version | Tinstall | Tcheck | Ttotal | Status | Flags |
---|---|---|---|---|---|---|
r-devel-linux-x86_64-debian-clang | 0.10.0 | 28.31 | 295.31 | 323.62 | OK | |
r-devel-linux-x86_64-debian-gcc | 0.10.0 | 28.55 | 222.44 | 250.99 | OK | |
r-devel-linux-x86_64-fedora-clang | 0.10.0 | 399.85 | NOTE | |||
r-devel-linux-x86_64-fedora-gcc | 0.10.0 | 380.93 | NOTE | |||
r-devel-windows-x86_64 | 0.10.0 | 30.00 | 241.00 | 271.00 | OK | |
r-patched-linux-x86_64 | 0.10.0 | 34.61 | 278.51 | 313.12 | OK | |
r-release-linux-x86_64 | 0.10.0 | 21.71 | 282.82 | 304.53 | OK | |
r-release-macos-arm64 | 0.10.0 | 89.00 | OK | |||
r-release-macos-x86_64 | 0.10.0 | 178.00 | NOTE | |||
r-release-windows-x86_64 | 0.10.0 | 42.00 | 307.00 | 349.00 | OK | |
r-oldrel-macos-arm64 | 0.10.0 | 92.00 | NOTE | |||
r-oldrel-macos-x86_64 | 0.10.0 | 120.00 | OK | |||
r-oldrel-windows-x86_64 | 0.10.0 | 44.00 | 206.00 | 250.00 | OK |
Version: 0.10.0
Check: installed package size
Result: NOTE
installed size is 5.1Mb
sub-directories of 1Mb or more:
R 1.4Mb
help 1.9Mb
Flavors: r-devel-linux-x86_64-fedora-clang, r-release-macos-x86_64, r-oldrel-macos-arm64
Version: 0.10.0
Check: data for non-ASCII characters
Result: NOTE
Note: found 146 marked UTF-8 strings
Flavors: r-devel-linux-x86_64-fedora-clang, r-devel-linux-x86_64-fedora-gcc