CRAN Package Check Results for Package guardianapi

Last updated on 2022-10-01 07:07:58 CEST.

Flavor Version Tinstall Tcheck Ttotal Status Flags
r-devel-linux-x86_64-debian-clang 0.1.1 6.10 57.12 63.22 NOTE
r-devel-linux-x86_64-debian-gcc 0.1.1 3.96 41.81 45.77 NOTE
r-devel-linux-x86_64-fedora-clang 0.1.1 87.36 NOTE
r-devel-linux-x86_64-fedora-gcc 0.1.1 95.38 NOTE
r-devel-windows-x86_64 0.1.1 17.00 92.00 109.00 NOTE
r-patched-linux-x86_64 0.1.1 4.51 53.38 57.89 NOTE
r-release-linux-x86_64 0.1.1 4.99 54.19 59.18 NOTE
r-release-macos-arm64 0.1.1 28.00 NOTE
r-release-macos-x86_64 0.1.1 46.00 NOTE
r-release-windows-x86_64 0.1.1 17.00 83.00 100.00 NOTE
r-oldrel-macos-arm64 0.1.1 29.00 NOTE
r-oldrel-macos-x86_64 0.1.1 41.00 NOTE
r-oldrel-windows-ix86+x86_64 0.1.1 14.00 78.00 92.00 NOTE

Check Details

Version: 0.1.1
Check: LazyData
Result: NOTE
     'LazyData' is specified without a 'data' directory
Flavors: r-devel-linux-x86_64-debian-clang, r-devel-linux-x86_64-debian-gcc, r-devel-linux-x86_64-fedora-clang, r-devel-linux-x86_64-fedora-gcc, r-devel-windows-x86_64, r-patched-linux-x86_64, r-release-linux-x86_64, r-release-macos-arm64, r-release-macos-x86_64, r-release-windows-x86_64, r-oldrel-macos-arm64, r-oldrel-macos-x86_64, r-oldrel-windows-ix86+x86_64