CRAN Package Check Results for Package guidedPLS

Last updated on 2024-02-29 06:54:09 CET.

Flavor Version Tinstall Tcheck Ttotal Status Flags
r-devel-linux-x86_64-debian-clang 1.0.0 6.89 83.74 90.63 NOTE
r-devel-linux-x86_64-debian-gcc 1.0.0 6.29 63.15 69.44 NOTE
r-devel-linux-x86_64-fedora-clang 1.0.0 110.72 NOTE
r-devel-linux-x86_64-fedora-gcc 1.0.0 128.30 NOTE
r-devel-windows-x86_64 1.0.0 7.00 79.00 86.00 OK
r-patched-linux-x86_64 1.0.0 7.64 81.84 89.48 OK
r-release-linux-x86_64 1.0.0 8.22 82.41 90.63 OK
r-release-macos-arm64 1.0.0 46.00 OK
r-release-macos-x86_64 1.0.0 129.00 OK
r-release-windows-x86_64 1.0.0 10.00 92.00 102.00 OK
r-oldrel-macos-arm64 1.0.0 37.00 OK
r-oldrel-windows-x86_64 1.0.0 10.00 101.00 111.00 OK

Check Details

Version: 1.0.0
Check: Rd files
Result: NOTE checkRd: (-1) PLSSVD.Rd:24: Lost braces; missing escapes or markup? 24 | The number of low-dimension (k < {N, M, L}, Default: .minDim(X, Y)) | ^ checkRd: (-1) guidedPLS.Rd:33: Lost braces; missing escapes or markup? 33 | The number of low-dimension (k < {N, M, L, O}, Default: .minDim(X1, X2, Y1, Y2)) | ^ checkRd: (-1) sPLSDA.Rd:24: Lost braces; missing escapes or markup? 24 | The number of low-dimension (k < {N, M, L}, Default: .minDim(X, Y)) | ^ Flavors: r-devel-linux-x86_64-debian-clang, r-devel-linux-x86_64-debian-gcc, r-devel-linux-x86_64-fedora-clang, r-devel-linux-x86_64-fedora-gcc