CRAN Package Check Results for Package hIRT

Last updated on 2024-06-13 06:58:04 CEST.

Flavor Version Tinstall Tcheck Ttotal Status Flags
r-devel-linux-x86_64-debian-clang 0.3.0 17.06 147.31 164.37 OK
r-devel-linux-x86_64-debian-gcc 0.3.0 0.35 1.65 2.00 ERROR
r-devel-linux-x86_64-fedora-clang 0.3.0 204.55 OK
r-devel-linux-x86_64-fedora-gcc 0.3.0 193.19 OK
r-devel-windows-x86_64 0.3.0 14.00 126.00 140.00 OK
r-patched-linux-x86_64 0.3.0 9.99 139.59 149.58 OK
r-release-linux-x86_64 0.3.0 9.90 139.44 149.34 OK
r-release-macos-arm64 0.3.0 57.00 OK
r-release-macos-x86_64 0.3.0 84.00 OK
r-release-windows-x86_64 0.3.0 14.00 125.00 139.00 OK
r-oldrel-macos-arm64 0.3.0 62.00 OK
r-oldrel-macos-x86_64 0.3.0 103.00 OK
r-oldrel-windows-x86_64 0.3.0 19.00 151.00 170.00 OK

Check Details

Version: 0.3.0
Check: package dependencies
Result: ERROR Packages required but not available: 'pryr', 'rms' Package suggested but not available for checking: ‘ggplot2’ See section ‘The DESCRIPTION file’ in the ‘Writing R Extensions’ manual. Flavor: r-devel-linux-x86_64-debian-gcc