CRAN Package Check Results for Package hablar

Last updated on 2022-09-29 06:54:22 CEST.

Flavor Version Tinstall Tcheck Ttotal Status Flags
r-devel-linux-x86_64-debian-clang 0.3.0 6.94 72.73 79.67 NOTE
r-devel-linux-x86_64-debian-gcc 0.3.0 3.68 54.46 58.14 NOTE
r-devel-linux-x86_64-fedora-clang 0.3.0 111.37 NOTE
r-devel-linux-x86_64-fedora-gcc 0.3.0 107.57 NOTE
r-devel-windows-x86_64 0.3.0 34.00 116.00 150.00 NOTE
r-patched-linux-x86_64 0.3.0 5.74 67.88 73.62 NOTE
r-release-linux-x86_64 0.3.0 6.61 66.77 73.38 NOTE
r-release-macos-arm64 0.3.0 32.00 NOTE
r-release-macos-x86_64 0.3.0 60.00 NOTE
r-release-windows-x86_64 0.3.0 24.00 120.00 144.00 NOTE
r-oldrel-macos-arm64 0.3.0 57.00 NOTE
r-oldrel-macos-x86_64 0.3.0 56.00 NOTE
r-oldrel-windows-ix86+x86_64 0.3.0 14.00 102.00 116.00 NOTE

Check Details

Version: 0.3.0
Check: LazyData
Result: NOTE
     'LazyData' is specified without a 'data' directory
Flavors: r-devel-linux-x86_64-debian-clang, r-devel-linux-x86_64-debian-gcc, r-devel-linux-x86_64-fedora-clang, r-devel-linux-x86_64-fedora-gcc, r-devel-windows-x86_64, r-patched-linux-x86_64, r-release-linux-x86_64, r-release-macos-arm64, r-release-macos-x86_64, r-release-windows-x86_64, r-oldrel-macos-arm64, r-oldrel-macos-x86_64, r-oldrel-windows-ix86+x86_64