Last updated on 2022-05-28 07:05:54 CEST.
Flavor | Version | Tinstall | Tcheck | Ttotal | Status | Flags |
---|---|---|---|---|---|---|
r-devel-linux-x86_64-debian-clang | 1.8.7 | 25.84 | 271.48 | 297.32 | NOTE | |
r-devel-linux-x86_64-debian-gcc | 1.8.7 | 17.98 | 216.95 | 234.93 | NOTE | |
r-devel-linux-x86_64-fedora-clang | 1.8.7 | 351.40 | NOTE | |||
r-devel-linux-x86_64-fedora-gcc | 1.8.7 | 345.96 | NOTE | |||
r-devel-windows-x86_64 | 1.8.7 | 96.00 | 330.00 | 426.00 | NOTE | |
r-patched-linux-x86_64 | 1.8.7 | 20.09 | 259.00 | 279.09 | OK | |
r-release-linux-x86_64 | 1.8.7 | 23.26 | 253.92 | 277.18 | OK | |
r-release-macos-arm64 | 1.8.7 | 104.00 | OK | |||
r-release-macos-x86_64 | 1.8.7 | 164.00 | OK | |||
r-release-windows-x86_64 | 1.8.7 | 102.00 | 346.00 | 448.00 | OK | |
r-oldrel-macos-arm64 | 1.8.7 | 142.00 | OK | |||
r-oldrel-macos-x86_64 | 1.8.7 | 128.00 | OK | |||
r-oldrel-windows-ix86+x86_64 | 1.8.7 | 50.00 | 451.00 | 501.00 | OK |
Version: 1.8.7
Check: Rd files
Result: NOTE
checkRd: (7) haplo.group.Rd:87-90: \item in \value must have non-empty label
Flavors: r-devel-linux-x86_64-debian-clang, r-devel-linux-x86_64-debian-gcc, r-devel-linux-x86_64-fedora-clang, r-devel-linux-x86_64-fedora-gcc, r-devel-windows-x86_64
Version: 1.8.7
Check: HTML version of manual
Result: NOTE
Found the following problems:
haplo.group.Rd:98:38: Warning: trimming empty <code>
Flavors: r-devel-linux-x86_64-debian-clang, r-devel-linux-x86_64-debian-gcc