CRAN Package Check Results for Package harmony

Last updated on 2021-12-03 06:49:04 CET.

Flavor Version Tinstall Tcheck Ttotal Status Flags
r-devel-linux-x86_64-debian-clang 0.1.0 47.03 85.48 132.51 OK
r-devel-linux-x86_64-debian-gcc 0.1.0 37.49 64.53 102.02 OK
r-devel-linux-x86_64-fedora-clang 0.1.0 202.90 NOTE
r-devel-linux-x86_64-fedora-gcc 0.1.0 180.36 OK
r-devel-windows-x86_64-new-UL 0.1.0 63.00 159.00 222.00 OK
r-devel-windows-x86_64-new-TK 0.1.0 OK
r-devel-windows-x86_64-old 0.1.0 62.00 104.00 166.00 OK
r-patched-linux-x86_64 0.1.0 43.28 80.62 123.90 OK
r-patched-solaris-x86 0.1.0 177.90 OK
r-release-linux-x86_64 0.1.0 41.64 79.93 121.57 OK
r-release-macos-arm64 0.1.0 NOTE
r-release-macos-x86_64 0.1.0 NOTE
r-release-windows-ix86+x86_64 0.1.0 130.00 161.00 291.00 OK
r-oldrel-macos-x86_64 0.1.0 NOTE
r-oldrel-windows-ix86+x86_64 0.1.0 114.00 151.00 265.00 OK

Check Details

Version: 0.1.0
Check: installed package size
Result: NOTE
     installed size is 5.9Mb
     sub-directories of 1Mb or more:
     doc 1.4Mb
     libs 3.9Mb
Flavors: r-devel-linux-x86_64-fedora-clang, r-release-macos-arm64, r-release-macos-x86_64, r-oldrel-macos-x86_64