Last updated on 2025-01-22 07:50:26 CET.
Flavor | Version | Tinstall | Tcheck | Ttotal | Status | Flags |
---|---|---|---|---|---|---|
r-devel-linux-x86_64-debian-clang | 2.2.6.3 | 2.21 | 31.36 | 33.57 | OK | |
r-devel-linux-x86_64-debian-gcc | 2.2.6.3 | 2.20 | 24.41 | 26.61 | NOTE | |
r-devel-linux-x86_64-fedora-clang | 2.2.6.3 | 54.65 | OK | |||
r-devel-linux-x86_64-fedora-gcc | 2.2.6.3 | 50.90 | OK | |||
r-devel-windows-x86_64 | 2.2.6.3 | 5.00 | 55.00 | 60.00 | OK | |
r-patched-linux-x86_64 | 2.2.6.3 | 2.97 | 30.18 | 33.15 | OK | |
r-release-linux-x86_64 | 2.2.6.3 | 1.90 | 29.19 | 31.09 | OK | |
r-release-macos-arm64 | 2.2.6.3 | 20.00 | OK | |||
r-release-macos-x86_64 | 2.2.6.3 | 30.00 | OK | |||
r-release-windows-x86_64 | 2.2.6.3 | 4.00 | 55.00 | 59.00 | OK | |
r-oldrel-macos-arm64 | 2.2.6.3 | 23.00 | OK | |||
r-oldrel-macos-x86_64 | 2.2.6.3 | 43.00 | OK | |||
r-oldrel-windows-x86_64 | 2.2.6.3 | 4.00 | 57.00 | 61.00 | OK |
Version: 2.2.6.3
Check: for unstated dependencies in ‘demo’
Result: NOTE
'library' or 'require' call not declared from: ‘rbenchmark’
Flavor: r-devel-linux-x86_64-debian-gcc