CRAN Package Check Results for Package hawkes

Last updated on 2023-02-02 06:54:54 CET.

Flavor Version Tinstall Tcheck Ttotal Status Flags
r-devel-linux-x86_64-debian-clang 0.0-4 31.68 26.32 58.00 OK
r-devel-linux-x86_64-debian-gcc 0.0-4 27.59 20.80 48.39 OK
r-devel-linux-x86_64-fedora-clang 0.0-4 91.10 NOTE
r-devel-linux-x86_64-fedora-gcc 0.0-4 83.57 NOTE
r-patched-linux-x86_64 0.0-4 27.77 27.13 54.90 OK
r-release-linux-x86_64 0.0-4 27.69 26.88 54.57 OK
r-release-macos-arm64 0.0-4 27.00 OK
r-release-macos-x86_64 0.0-4 36.00 OK
r-release-windows-x86_64 0.0-4 40.00 82.00 122.00 OK
r-oldrel-macos-arm64 0.0-4 32.00 OK
r-oldrel-macos-x86_64 0.0-4 50.00 OK
r-oldrel-windows-ix86+x86_64 0.0-4 94.00 75.00 169.00 OK

Check Details

Version: 0.0-4
Check: compiled code
Result: NOTE
    File ‘hawkes/libs/hawkes.so’:
     Found no calls to: ‘R_registerRoutines’, ‘R_useDynamicSymbols’
    
    It is good practice to register native routines and to disable symbol
    search.
    
    See ‘Writing portable packages’ in the ‘Writing R Extensions’ manual.
Flavors: r-devel-linux-x86_64-fedora-clang, r-devel-linux-x86_64-fedora-gcc