CRAN Package Check Results for Package hazer

Last updated on 2022-01-23 07:14:01 CET.

Flavor Version Tinstall Tcheck Ttotal Status Flags
r-devel-linux-x86_64-debian-clang 1.1.1 2.21 54.49 56.70 NOTE
r-devel-linux-x86_64-debian-gcc 1.1.1 1.68 43.54 45.22 NOTE
r-devel-linux-x86_64-fedora-clang 1.1.1 67.70 NOTE
r-devel-linux-x86_64-fedora-gcc 1.1.1 56.20 NOTE
r-devel-windows-x86_64-new-UL 1.1.1 18.00 72.00 90.00 NOTE
r-devel-windows-x86_64-new-TK 1.1.1 NOTE
r-patched-linux-x86_64 1.1.1 2.04 49.72 51.76 NOTE
r-release-linux-x86_64 1.1.1 1.81 49.69 51.50 NOTE
r-release-macos-arm64 1.1.1 NOTE
r-release-macos-x86_64 1.1.1 NOTE
r-release-windows-ix86+x86_64 1.1.1 5.00 64.00 69.00 ERROR
r-oldrel-macos-x86_64 1.1.1 OK
r-oldrel-windows-ix86+x86_64 1.1.1 5.00 66.00 71.00 ERROR

Check Details

Version: 1.1.1
Check: LazyData
Result: NOTE
     'LazyData' is specified without a 'data' directory
Flavors: r-devel-linux-x86_64-debian-clang, r-devel-linux-x86_64-debian-gcc, r-devel-linux-x86_64-fedora-clang, r-devel-linux-x86_64-fedora-gcc, r-devel-windows-x86_64-new-UL, r-devel-windows-x86_64-new-TK, r-patched-linux-x86_64, r-release-linux-x86_64, r-release-macos-arm64, r-release-macos-x86_64, r-release-windows-ix86+x86_64

Version: 1.1.1
Check: tests
Result: ERROR
     Running 'testthat.R' [11s]
    Running the tests in 'tests/testthat.R' failed.
    Complete output:
     > library(testthat)
     > library(hazer)
     >
     > test_check("hazer")
     == Failed tests ================================================================
     -- Failure (testall.R:22:3): test the haze -------------------------------------
     floor(h$haze * 1000) not equal to ifelse(tolower(Sys.info()[[1]]) != "linux", 225, 224).
     1/1 mismatches
     [1] 224 - 225 == -1
     -- Failure (testall.R:23:3): test the haze -------------------------------------
     floor(h$A0 * 1000) not equal to ifelse(tolower(Sys.info()[[1]]) != "linux", 710, 712).
     1/1 mismatches
     [1] 712 - 710 == 2
    
     [ FAIL 2 | WARN 0 | SKIP 0 | PASS 4 ]
     Error: Test failures
     Execution halted
Flavor: r-release-windows-ix86+x86_64

Version: 1.1.1
Check: tests
Result: ERROR
     Running 'testthat.R' [12s]
    Running the tests in 'tests/testthat.R' failed.
    Complete output:
     > library(testthat)
     > library(hazer)
     >
     > test_check("hazer")
     == Failed tests ================================================================
     -- Failure (testall.R:22:3): test the haze -------------------------------------
     floor(h$haze * 1000) not equal to ifelse(tolower(Sys.info()[[1]]) != "linux", 225, 224).
     1/1 mismatches
     [1] 224 - 225 == -1
     -- Failure (testall.R:23:3): test the haze -------------------------------------
     floor(h$A0 * 1000) not equal to ifelse(tolower(Sys.info()[[1]]) != "linux", 710, 712).
     1/1 mismatches
     [1] 712 - 710 == 2
    
     [ FAIL 2 | WARN 0 | SKIP 0 | PASS 4 ]
     Error: Test failures
     Execution halted
Flavor: r-oldrel-windows-ix86+x86_64