CRAN Package Check Results for Package hbal

Last updated on 2023-06-01 06:58:35 CEST.

Flavor Version Tinstall Tcheck Ttotal Status Flags
r-devel-linux-x86_64-debian-clang 1.2.8 46.70 115.56 162.26 NOTE
r-devel-linux-x86_64-debian-gcc 1.2.8 34.83 87.83 122.66 NOTE
r-devel-linux-x86_64-fedora-clang 1.2.8 210.08 NOTE
r-devel-linux-x86_64-fedora-gcc 1.2.8 207.74 NOTE
r-devel-windows-x86_64 1.2.8 36.00 110.00 146.00 NOTE
r-patched-linux-x86_64 1.2.8 NOTE
r-release-linux-x86_64 1.2.8 28.78 108.67 137.45 NOTE
r-release-macos-arm64 1.2.8 63.00 NOTE
r-release-macos-x86_64 1.2.8 94.00 NOTE
r-release-windows-x86_64 1.2.8 50.00 141.00 191.00 NOTE
r-oldrel-macos-arm64 1.2.8 50.00 NOTE
r-oldrel-macos-x86_64 1.2.8 79.00 NOTE
r-oldrel-windows-x86_64 1.2.8 46.00 130.00 176.00 OK

Check Details

Version: 1.2.8
Check: C++ specification
Result: NOTE
     Specified C++11: please drop specification unless essential
Flavors: r-devel-linux-x86_64-debian-clang, r-devel-linux-x86_64-debian-gcc, r-devel-linux-x86_64-fedora-clang, r-devel-linux-x86_64-fedora-gcc, r-devel-windows-x86_64, r-patched-linux-x86_64, r-release-linux-x86_64, r-release-macos-arm64, r-release-macos-x86_64, r-release-windows-x86_64

Version: 1.2.8
Check: installed package size
Result: NOTE
     installed size is 8.1Mb
     sub-directories of 1Mb or more:
     libs 7.8Mb
Flavors: r-release-macos-arm64, r-release-macos-x86_64, r-oldrel-macos-arm64, r-oldrel-macos-x86_64