Last updated on 2023-01-28 07:14:57 CET.
Flavor | Version | Tinstall | Tcheck | Ttotal | Status | Flags |
---|---|---|---|---|---|---|
r-devel-linux-x86_64-debian-clang | 1.0.1 | 25.87 | 42.26 | 68.13 | NOTE | |
r-devel-linux-x86_64-debian-gcc | 1.0.1 | 22.03 | 32.21 | 54.24 | NOTE | |
r-devel-linux-x86_64-fedora-clang | 1.0.1 | 96.78 | NOTE | |||
r-devel-linux-x86_64-fedora-gcc | 1.0.1 | 93.69 | NOTE | |||
r-devel-windows-x86_64 | 1.0.1 | 35.00 | 85.00 | 120.00 | NOTE | |
r-patched-linux-x86_64 | 1.0.1 | 25.55 | 41.25 | 66.80 | NOTE | |
r-release-linux-x86_64 | 1.0.1 | 24.68 | 41.10 | 65.78 | NOTE | |
r-release-macos-arm64 | 1.0.1 | 31.00 | NOTE | |||
r-release-macos-x86_64 | 1.0.1 | 37.00 | NOTE | |||
r-release-windows-x86_64 | 1.0.1 | 35.00 | 93.00 | 128.00 | NOTE | |
r-oldrel-macos-arm64 | 1.0.1 | 37.00 | NOTE | |||
r-oldrel-macos-x86_64 | 1.0.1 | 49.00 | NOTE | |||
r-oldrel-windows-ix86+x86_64 | 1.0.1 | 70.00 | 96.00 | 166.00 | NOTE |
Version: 1.0.1
Check: LazyData
Result: NOTE
'LazyData' is specified without a 'data' directory
Flavors: r-devel-linux-x86_64-debian-clang, r-devel-linux-x86_64-debian-gcc, r-devel-linux-x86_64-fedora-clang, r-devel-linux-x86_64-fedora-gcc, r-devel-windows-x86_64, r-patched-linux-x86_64, r-release-linux-x86_64, r-release-macos-arm64, r-release-macos-x86_64, r-release-windows-x86_64, r-oldrel-macos-arm64, r-oldrel-macos-x86_64, r-oldrel-windows-ix86+x86_64