CRAN Package Check Results for Package hdlm

Last updated on 2020-10-26 05:46:42 CET.

Flavor Version Tinstall Tcheck Ttotal Status Flags
r-devel-linux-x86_64-debian-clang 1.3.1 10.76 99.01 109.77 OK
r-devel-linux-x86_64-debian-gcc 1.3.1 8.03 75.34 83.37 OK
r-devel-linux-x86_64-fedora-clang 1.3.1 144.20 NOTE
r-devel-linux-x86_64-fedora-gcc 1.3.1 129.90 NOTE
r-devel-windows-ix86+x86_64 1.3.1 24.00 161.00 185.00 OK
r-patched-linux-x86_64 1.3.1 8.47 92.39 100.86 OK
r-patched-solaris-x86 1.3.1 184.60 OK
r-release-linux-x86_64 1.3.1 10.27 92.70 102.97 OK
r-release-macos-x86_64 1.3.1 OK
r-release-windows-ix86+x86_64 1.3.1 21.00 120.00 141.00 OK
r-oldrel-macos-x86_64 1.3.1 OK
r-oldrel-windows-ix86+x86_64 1.3.1 21.00 147.00 168.00 OK

Check Details

Version: 1.3.1
Check: compiled code
Result: NOTE
    File ‘hdlm/libs/hdlm.so’:
     Found no calls to: ‘R_registerRoutines’, ‘R_useDynamicSymbols’
    
    It is good practice to register native routines and to disable symbol
    search.
    
    See ‘Writing portable packages’ in the ‘Writing R Extensions’ manual.
Flavors: r-devel-linux-x86_64-fedora-clang, r-devel-linux-x86_64-fedora-gcc