Last updated on 2025-01-16 06:49:16 CET.
Flavor | Version | Tinstall | Tcheck | Ttotal | Status | Flags |
---|---|---|---|---|---|---|
r-devel-linux-x86_64-debian-clang | 3.4 | 5.03 | 40.58 | 45.61 | OK | |
r-devel-linux-x86_64-debian-gcc | 3.4 | 3.92 | 28.94 | 32.86 | OK | |
r-devel-linux-x86_64-fedora-clang | 3.4 | 73.92 | OK | |||
r-devel-linux-x86_64-fedora-gcc | 3.4 | 70.22 | OK | |||
r-devel-windows-x86_64 | 3.4 | 10.00 | 67.00 | 77.00 | NOTE | |
r-patched-linux-x86_64 | 3.4 | 5.12 | 37.46 | 42.58 | OK | |
r-release-linux-x86_64 | 3.4 | 5.19 | 38.16 | 43.35 | OK | |
r-release-macos-arm64 | 3.4 | 26.00 | OK | |||
r-release-macos-x86_64 | 3.4 | 37.00 | OK | |||
r-release-windows-x86_64 | 3.4 | 10.00 | 65.00 | 75.00 | NOTE | |
r-oldrel-macos-arm64 | 3.4 | 26.00 | OK | |||
r-oldrel-macos-x86_64 | 3.4 | 37.00 | OK | |||
r-oldrel-windows-x86_64 | 3.4 | 11.00 | 73.00 | 84.00 | NOTE |
Version: 3.4
Check: C++ specification
Result: NOTE
Specified C++11: please drop specification unless essential
Flavors: r-devel-windows-x86_64, r-release-windows-x86_64, r-oldrel-windows-x86_64