CRAN Package Check Results for Package healthfinance

Last updated on 2022-10-01 07:07:58 CEST.

Flavor Version Tinstall Tcheck Ttotal Status Flags
r-devel-linux-x86_64-debian-clang 0.1.0 7.40 74.65 82.05 NOTE
r-devel-linux-x86_64-debian-gcc 0.1.0 6.05 55.56 61.61 NOTE
r-devel-linux-x86_64-fedora-clang 0.1.0 118.57 NOTE
r-devel-linux-x86_64-fedora-gcc 0.1.0 126.60 NOTE
r-devel-windows-x86_64 0.1.0 17.00 94.00 111.00 NOTE
r-patched-linux-x86_64 0.1.0 6.23 69.58 75.81 NOTE
r-release-linux-x86_64 0.1.0 6.92 70.03 76.95 NOTE
r-release-macos-arm64 0.1.0 27.00 NOTE
r-release-macos-x86_64 0.1.0 57.00 NOTE
r-release-windows-x86_64 0.1.0 13.00 92.00 105.00 NOTE
r-oldrel-macos-arm64 0.1.0 36.00 NOTE
r-oldrel-macos-x86_64 0.1.0 49.00 NOTE
r-oldrel-windows-ix86+x86_64 0.1.0 21.00 95.00 116.00 NOTE

Check Details

Version: 0.1.0
Check: LazyData
Result: NOTE
     'LazyData' is specified without a 'data' directory
Flavors: r-devel-linux-x86_64-debian-clang, r-devel-linux-x86_64-debian-gcc, r-devel-linux-x86_64-fedora-clang, r-devel-linux-x86_64-fedora-gcc, r-devel-windows-x86_64, r-patched-linux-x86_64, r-release-linux-x86_64, r-release-macos-arm64, r-release-macos-x86_64, r-release-windows-x86_64, r-oldrel-macos-arm64, r-oldrel-macos-x86_64, r-oldrel-windows-ix86+x86_64