CRAN Package Check Results for Package healthforum

Last updated on 2020-08-13 06:47:30 CEST.

Flavor Version Tinstall Tcheck Ttotal Status Flags
r-devel-linux-x86_64-debian-clang 0.1.0 3.68 28.59 32.27 OK
r-devel-linux-x86_64-debian-gcc 0.1.0 2.96 22.47 25.43 OK
r-devel-linux-x86_64-fedora-clang 0.1.0 46.25 NOTE
r-devel-linux-x86_64-fedora-gcc 0.1.0 38.10 NOTE
r-devel-windows-ix86+x86_64 0.1.0 10.00 63.00 73.00 OK
r-patched-linux-x86_64 0.1.0 2.69 28.64 31.33 OK
r-patched-solaris-x86 0.1.0 58.80 NOTE
r-release-linux-x86_64 0.1.0 3.64 28.15 31.79 OK
r-release-macos-x86_64 0.1.0 NOTE
r-release-windows-ix86+x86_64 0.1.0 13.00 62.00 75.00 OK
r-oldrel-macos-x86_64 0.1.0 NOTE
r-oldrel-windows-ix86+x86_64 0.1.0 6.00 61.00 67.00 OK

Check Details

Version: 0.1.0
Check: data for non-ASCII characters
Result: NOTE
     Note: found 216 marked UTF-8 strings
Flavors: r-devel-linux-x86_64-fedora-clang, r-devel-linux-x86_64-fedora-gcc, r-patched-solaris-x86, r-release-macos-x86_64, r-oldrel-macos-x86_64