Last updated on 2023-03-20 05:52:12 CET.
Flavor | Version | Tinstall | Tcheck | Ttotal | Status | Flags |
---|---|---|---|---|---|---|
r-devel-linux-x86_64-debian-clang | 1.0.3 | OK | ||||
r-devel-linux-x86_64-debian-gcc | 1.0.3 | 8.73 | 69.30 | 78.03 | OK | |
r-devel-linux-x86_64-fedora-clang | 1.0.3 | 184.32 | NOTE | |||
r-devel-linux-x86_64-fedora-gcc | 1.0.3 | 137.68 | NOTE | |||
r-patched-linux-x86_64 | 1.0.3 | 13.40 | 126.57 | 139.97 | OK | |
r-release-linux-x86_64 | 1.0.3 | 13.70 | 129.05 | 142.75 | OK | |
r-release-macos-arm64 | 1.0.3 | 41.00 | OK | |||
r-release-macos-x86_64 | 1.0.3 | 72.00 | OK | |||
r-release-windows-x86_64 | 1.0.3 | 28.00 | 159.00 | 187.00 | OK | |
r-oldrel-macos-arm64 | 1.0.3 | 58.00 | OK | |||
r-oldrel-macos-x86_64 | 1.0.3 | 71.00 | OK | |||
r-oldrel-windows-ix86+x86_64 | 1.0.3 | 37.00 | 147.00 | 184.00 | OK |
Version: 1.0.3
Check: dependencies in R code
Result: NOTE
Namespaces in Imports field not imported from:
‘TidyDensity’ ‘healthyR’ ‘healthyR.ai’ ‘healthyR.data’ ‘healthyR.ts’
‘tidyAML’
All declared Imports should be used.
Flavors: r-devel-linux-x86_64-fedora-clang, r-devel-linux-x86_64-fedora-gcc