CRAN Package Check Results for Package healthyverse

Last updated on 2024-02-23 06:50:31 CET.

Flavor Version Tinstall Tcheck Ttotal Status Flags
r-devel-linux-x86_64-debian-clang 1.0.4 OK
r-devel-linux-x86_64-debian-gcc 1.0.4 9.41 68.77 78.18 OK
r-devel-linux-x86_64-fedora-clang 1.0.4 134.48 NOTE
r-devel-linux-x86_64-fedora-gcc 1.0.4 142.47 NOTE
r-devel-windows-x86_64 1.0.4 13.00 87.00 100.00 OK
r-patched-linux-x86_64 1.0.4 11.86 87.41 99.27 OK
r-release-linux-x86_64 1.0.4 13.84 85.79 99.63 OK
r-release-macos-arm64 1.0.4 47.00 OK
r-release-macos-x86_64 1.0.4 89.00 OK
r-release-windows-x86_64 1.0.4 18.00 103.00 121.00 OK
r-oldrel-macos-arm64 1.0.4 52.00 OK
r-oldrel-windows-x86_64 1.0.4 18.00 131.00 149.00 OK

Check Details

Version: 1.0.4
Check: dependencies in R code
Result: NOTE Namespaces in Imports field not imported from: ‘TidyDensity’ ‘healthyR’ ‘healthyR.ai’ ‘healthyR.data’ ‘healthyR.ts’ ‘tidyAML’ All declared Imports should be used. Flavors: r-devel-linux-x86_64-fedora-clang, r-devel-linux-x86_64-fedora-gcc