Last updated on 2022-05-20 06:50:58 CEST.
Flavor | Version | Tinstall | Tcheck | Ttotal | Status | Flags |
---|---|---|---|---|---|---|
r-devel-linux-x86_64-debian-clang | 1.3.0 | 11.66 | 261.27 | 272.93 | OK | |
r-devel-linux-x86_64-debian-gcc | 1.3.0 | 7.70 | 181.71 | 189.41 | OK | |
r-devel-linux-x86_64-fedora-clang | 1.3.0 | 300.35 | NOTE | |||
r-devel-linux-x86_64-fedora-gcc | 1.3.0 | 289.63 | OK | |||
r-devel-windows-x86_64 | 1.3.0 | 46.00 | 275.00 | 321.00 | NOTE | |
r-patched-linux-x86_64 | 1.3.0 | 14.85 | 237.64 | 252.49 | OK | |
r-release-linux-x86_64 | 1.3.0 | 7.24 | 233.07 | 240.31 | OK | |
r-release-macos-arm64 | 1.3.0 | 74.00 | NOTE | |||
r-release-macos-x86_64 | 1.3.0 | 126.00 | NOTE | |||
r-release-windows-x86_64 | 1.3.0 | 62.00 | 273.00 | 335.00 | NOTE | |
r-oldrel-macos-arm64 | 1.3.0 | 82.00 | NOTE | |||
r-oldrel-macos-x86_64 | 1.3.0 | 144.00 | NOTE | |||
r-oldrel-windows-ix86+x86_64 | 1.3.0 | 24.00 | 281.00 | 305.00 | NOTE |
Version: 1.3.0
Check: installed package size
Result: NOTE
installed size is 5.5Mb
sub-directories of 1Mb or more:
doc 5.1Mb
Flavors: r-devel-linux-x86_64-fedora-clang, r-devel-windows-x86_64, r-release-macos-arm64, r-release-macos-x86_64, r-release-windows-x86_64, r-oldrel-macos-arm64, r-oldrel-macos-x86_64, r-oldrel-windows-ix86+x86_64