CRAN Package Check Results for Package heddlr

Last updated on 2024-04-17 07:02:28 CEST.

Flavor Version Tinstall Tcheck Ttotal Status Flags
r-devel-linux-x86_64-debian-clang 0.6.0 2.00 36.60 38.60 NOTE
r-devel-linux-x86_64-debian-gcc 0.6.0 1.87 28.14 30.01 NOTE
r-devel-linux-x86_64-fedora-clang 0.6.0 50.56 NOTE
r-devel-linux-x86_64-fedora-gcc 0.6.0 59.99 NOTE
r-prerel-macos-arm64 0.6.0 25.00 NOTE
r-prerel-windows-x86_64 0.6.0 3.00 51.00 54.00 NOTE
r-patched-linux-x86_64 0.6.0 2.50 35.44 37.94 NOTE
r-release-linux-x86_64 0.6.0 2.48 34.16 36.64 NOTE
r-release-macos-arm64 0.6.0 23.00 NOTE
r-release-macos-x86_64 0.6.0 37.00 NOTE
r-release-windows-x86_64 0.6.0 3.00 52.00 55.00 NOTE
r-oldrel-macos-arm64 0.6.0 20.00 NOTE
r-oldrel-windows-x86_64 0.6.0 5.00 53.00 58.00 NOTE

Check Details

Version: 0.6.0
Check: LazyData
Result: NOTE 'LazyData' is specified without a 'data' directory Flavors: r-devel-linux-x86_64-debian-clang, r-devel-linux-x86_64-debian-gcc, r-devel-linux-x86_64-fedora-clang, r-devel-linux-x86_64-fedora-gcc, r-prerel-macos-arm64, r-prerel-windows-x86_64, r-patched-linux-x86_64, r-release-linux-x86_64, r-release-macos-arm64, r-release-macos-x86_64, r-release-windows-x86_64, r-oldrel-macos-arm64, r-oldrel-windows-x86_64

Version: 0.6.0
Check: Rd cross-references
Result: NOTE Undeclared package ‘tibble’ in Rd xrefs Flavor: r-devel-linux-x86_64-fedora-clang