CRAN Package Check Results for Package heddlr

Last updated on 2023-03-20 05:52:12 CET.

Flavor Version Tinstall Tcheck Ttotal Status Flags
r-devel-linux-x86_64-debian-clang 0.6.0 NOTE
r-devel-linux-x86_64-debian-gcc 0.6.0 1.51 25.76 27.27 NOTE
r-devel-linux-x86_64-fedora-clang 0.6.0 47.24 NOTE
r-devel-linux-x86_64-fedora-gcc 0.6.0 55.19 NOTE
r-patched-linux-x86_64 0.6.0 2.22 35.20 37.42 NOTE
r-release-linux-x86_64 0.6.0 2.11 33.24 35.35 NOTE
r-release-macos-arm64 0.6.0 18.00 NOTE
r-release-macos-x86_64 0.6.0 27.00 NOTE
r-release-windows-x86_64 0.6.0 17.00 69.00 86.00 NOTE
r-oldrel-macos-arm64 0.6.0 20.00 NOTE
r-oldrel-macos-x86_64 0.6.0 46.00 NOTE
r-oldrel-windows-ix86+x86_64 0.6.0 6.00 63.00 69.00 NOTE

Check Details

Version: 0.6.0
Check: LazyData
Result: NOTE
     'LazyData' is specified without a 'data' directory
Flavors: r-devel-linux-x86_64-debian-clang, r-devel-linux-x86_64-debian-gcc, r-devel-linux-x86_64-fedora-clang, r-devel-linux-x86_64-fedora-gcc, r-patched-linux-x86_64, r-release-linux-x86_64, r-release-macos-arm64, r-release-macos-x86_64, r-release-windows-x86_64, r-oldrel-macos-arm64, r-oldrel-macos-x86_64, r-oldrel-windows-ix86+x86_64

Version: 0.6.0
Check: Rd cross-references
Result: NOTE
    Undeclared package ‘tibble’ in Rd xrefs
Flavor: r-devel-linux-x86_64-fedora-clang