CRAN Package Check Results for Package hgutils

Last updated on 2022-10-01 07:07:58 CEST.

Flavor Version Tinstall Tcheck Ttotal Status Flags
r-devel-linux-x86_64-debian-clang 0.2.11 7.95 84.11 92.06 OK
r-devel-linux-x86_64-debian-gcc 0.2.11 7.34 62.20 69.54 OK
r-devel-linux-x86_64-fedora-clang 0.2.11 125.80 NOTE
r-devel-linux-x86_64-fedora-gcc 0.2.11 127.13 NOTE
r-devel-windows-x86_64 0.2.11 35.00 113.00 148.00 OK
r-patched-linux-x86_64 0.2.11 6.09 79.06 85.15 OK
r-release-linux-x86_64 0.2.11 7.54 75.15 82.69 OK
r-release-macos-arm64 0.2.11 35.00 NOTE
r-release-macos-x86_64 0.2.11 57.00 NOTE
r-release-windows-x86_64 0.2.11 30.00 103.00 133.00 OK
r-oldrel-macos-arm64 0.2.11 32.00 NOTE
r-oldrel-macos-x86_64 0.2.11 43.00 NOTE
r-oldrel-windows-ix86+x86_64 0.2.11 20.00 102.00 122.00 OK

Check Details

Version: 0.2.11
Check: dependencies in R code
Result: NOTE
    Namespace in Imports field not imported from: ‘usethis’
     All declared Imports should be used.
Flavors: r-devel-linux-x86_64-fedora-clang, r-devel-linux-x86_64-fedora-gcc, r-release-macos-arm64, r-release-macos-x86_64, r-oldrel-macos-arm64, r-oldrel-macos-x86_64