CRAN Package Check Results for Package hhi

Last updated on 2023-03-27 06:50:09 CEST.

Flavor Version Tinstall Tcheck Ttotal Status Flags
r-devel-linux-x86_64-debian-clang 1.2.0 2.03 23.12 25.15 NOTE
r-devel-linux-x86_64-debian-gcc 1.2.0 1.44 18.98 20.42 NOTE
r-devel-linux-x86_64-fedora-clang 1.2.0 32.32 NOTE
r-devel-linux-x86_64-fedora-gcc 1.2.0 31.51 NOTE
r-patched-linux-x86_64 1.2.0 2.11 22.38 24.49 NOTE
r-release-linux-x86_64 1.2.0 1.80 23.84 25.64 NOTE
r-release-macos-arm64 1.2.0 16.00 NOTE
r-release-macos-x86_64 1.2.0 26.00 NOTE
r-release-windows-x86_64 1.2.0 5.00 60.00 65.00 NOTE
r-oldrel-macos-arm64 1.2.0 18.00 NOTE
r-oldrel-macos-x86_64 1.2.0 34.00 NOTE
r-oldrel-windows-ix86+x86_64 1.2.0 6.00 50.00 56.00 NOTE

Check Details

Version: 1.2.0
Check: LazyData
Result: NOTE
     'LazyData' is specified without a 'data' directory
Flavors: r-devel-linux-x86_64-debian-clang, r-devel-linux-x86_64-debian-gcc, r-devel-linux-x86_64-fedora-clang, r-devel-linux-x86_64-fedora-gcc, r-patched-linux-x86_64, r-release-linux-x86_64, r-release-macos-arm64, r-release-macos-x86_64, r-release-windows-x86_64, r-oldrel-macos-arm64, r-oldrel-macos-x86_64, r-oldrel-windows-ix86+x86_64