CRAN Package Check Results for Package hibayes

Last updated on 2023-01-30 09:35:07 CET.

Flavor Version Tinstall Tcheck Ttotal Status Flags
r-devel-linux-x86_64-debian-clang 2.0.0 242.54 94.19 336.73 OK
r-devel-linux-x86_64-debian-gcc 2.0.0 203.36 71.24 274.60 NOTE
r-devel-linux-x86_64-fedora-clang 2.0.0 465.60 NOTE
r-devel-linux-x86_64-fedora-gcc 2.0.0 454.73 NOTE
r-devel-windows-x86_64 2.0.0 170.00 160.00 330.00 NOTE
r-patched-linux-x86_64 2.0.0 212.10 89.75 301.85 OK
r-release-linux-x86_64 2.0.0 203.42 89.59 293.01 OK
r-release-macos-arm64 2.0.0 96.00 NOTE
r-release-macos-x86_64 2.0.0 130.00 NOTE
r-release-windows-x86_64 2.0.0 163.00 151.00 314.00 OK
r-oldrel-macos-arm64 2.0.0 98.00 NOTE
r-oldrel-macos-x86_64 2.0.0 130.00 NOTE
r-oldrel-windows-ix86+x86_64 2.0.0 534.00 173.00 707.00 OK

Check Details

Version: 2.0.0
Check: C++ specification
Result: NOTE
     Specified C++11: please update to current default of C++17
Flavors: r-devel-linux-x86_64-debian-gcc, r-devel-linux-x86_64-fedora-clang, r-devel-linux-x86_64-fedora-gcc, r-devel-windows-x86_64

Version: 2.0.0
Check: installed package size
Result: NOTE
     installed size is 11.6Mb
     sub-directories of 1Mb or more:
     libs 11.2Mb
Flavors: r-release-macos-arm64, r-release-macos-x86_64, r-oldrel-macos-arm64, r-oldrel-macos-x86_64