CRAN Package Check Results for Package hibayes

Last updated on 2022-07-01 06:51:30 CEST.

Flavor Version Tinstall Tcheck Ttotal Status Flags
r-devel-linux-x86_64-debian-clang 1.1.0 213.25 76.80 290.05 OK
r-devel-linux-x86_64-debian-gcc 1.1.0 184.50 58.55 243.05 OK
r-devel-linux-x86_64-fedora-clang 1.1.0 467.43 NOTE
r-devel-linux-x86_64-fedora-gcc 1.1.0 408.92 OK
r-devel-windows-x86_64 1.1.0 178.00 121.00 299.00 NOTE
r-patched-linux-x86_64 1.1.0 199.31 73.34 272.65 OK
r-release-linux-x86_64 1.1.0 193.89 71.51 265.40 OK
r-release-macos-arm64 1.1.0 123.00 NOTE
r-release-macos-x86_64 1.1.0 124.00 NOTE
r-release-windows-x86_64 1.1.0 191.00 125.00 316.00 NOTE
r-oldrel-macos-arm64 1.1.0 110.00 NOTE
r-oldrel-macos-x86_64 1.1.0 123.00 NOTE
r-oldrel-windows-ix86+x86_64 1.1.0 528.00 132.00 660.00 NOTE

Check Details

Version: 1.1.0
Check: installed package size
Result: NOTE
     installed size is 18.5Mb
     sub-directories of 1Mb or more:
     extdata 8.9Mb
     libs 9.5Mb
Flavors: r-devel-linux-x86_64-fedora-clang, r-devel-windows-x86_64, r-release-macos-arm64, r-release-macos-x86_64, r-release-windows-x86_64, r-oldrel-macos-arm64, r-oldrel-macos-x86_64, r-oldrel-windows-ix86+x86_64