CRAN Package Check Results for Package hierSDR

Last updated on 2024-06-13 06:58:04 CEST.

Flavor Version Tinstall Tcheck Ttotal Status Flags
r-devel-linux-x86_64-debian-clang 0.1 10.59 76.02 86.61 OK
r-devel-linux-x86_64-debian-gcc 0.1 0.36 1.59 1.95 ERROR
r-devel-linux-x86_64-fedora-clang 0.1 108.20 OK
r-devel-linux-x86_64-fedora-gcc 0.1 103.70 OK
r-devel-windows-x86_64 0.1 9.00 71.00 80.00 OK
r-patched-linux-x86_64 0.1 6.47 74.46 80.93 OK
r-release-linux-x86_64 0.1 6.43 72.82 79.25 OK
r-release-macos-arm64 0.1 33.00 OK
r-release-macos-x86_64 0.1 47.00 OK
r-release-windows-x86_64 0.1 8.00 72.00 80.00 OK
r-oldrel-macos-arm64 0.1 40.00 OK
r-oldrel-macos-x86_64 0.1 68.00 OK
r-oldrel-windows-x86_64 0.1 12.00 84.00 96.00 OK

Check Details

Version: 0.1
Check: package dependencies
Result: ERROR Package required but not available: ‘optimx’ See section ‘The DESCRIPTION file’ in the ‘Writing R Extensions’ manual. Flavor: r-devel-linux-x86_64-debian-gcc