CRAN Package Check Results for Package hierfstat

Last updated on 2024-02-29 06:54:09 CET.

Flavor Version Tinstall Tcheck Ttotal Status Flags
r-devel-linux-x86_64-debian-clang 0.5-11 8.57 189.98 198.55 NOTE
r-devel-linux-x86_64-debian-gcc 0.5-11 5.62 140.40 146.02 NOTE
r-devel-linux-x86_64-fedora-clang 0.5-11 231.22 NOTE
r-devel-linux-x86_64-fedora-gcc 0.5-11 267.72 NOTE
r-devel-windows-x86_64 0.5-11 8.00 168.00 176.00 OK
r-patched-linux-x86_64 0.5-11 9.28 190.83 200.11 OK
r-release-linux-x86_64 0.5-11 6.79 188.53 195.32 OK
r-release-macos-arm64 0.5-11 79.00 OK
r-release-macos-x86_64 0.5-11 131.00 OK
r-release-windows-x86_64 0.5-11 11.00 200.00 211.00 OK
r-oldrel-macos-arm64 0.5-11 64.00 OK
r-oldrel-windows-x86_64 0.5-11 11.00 189.00 200.00 OK

Check Details

Version: 0.5-11
Check: Rd files
Result: NOTE checkRd: (-1) read.VCF.Rd:21: Lost braces 21 | Reads a \url{https://samtools.github.io/hts-specs/}{Variant Call Format (VCF)} file into a BED object, | ^ Flavors: r-devel-linux-x86_64-debian-clang, r-devel-linux-x86_64-debian-gcc, r-devel-linux-x86_64-fedora-clang, r-devel-linux-x86_64-fedora-gcc