CRAN Package Check Results for Package highriskzone

Last updated on 2024-05-22 06:56:41 CEST.

Flavor Version Tinstall Tcheck Ttotal Status Flags
r-devel-linux-x86_64-debian-clang 1.4.9 11.91 135.88 147.79 NOTE
r-devel-linux-x86_64-debian-gcc 1.4.9 10.91 100.53 111.44 NOTE
r-devel-linux-x86_64-fedora-clang 1.4.9 186.20 OK
r-devel-linux-x86_64-fedora-gcc 1.4.9 179.59 OK
r-devel-windows-x86_64 1.4.9 12.00 118.00 130.00 OK
r-patched-linux-x86_64 1.4.9 12.59 132.03 144.62 NOTE
r-release-linux-x86_64 1.4.9 8.61 131.71 140.32 NOTE
r-release-macos-arm64 1.4.9 52.00 NOTE
r-release-windows-x86_64 1.4.9 13.00 115.00 128.00 OK
r-oldrel-macos-arm64 1.4.9 59.00 NOTE
r-oldrel-macos-x86_64 1.4.9 108.00 NOTE
r-oldrel-windows-x86_64 1.4.9 17.00 137.00 154.00 NOTE

Check Details

Version: 1.4.9
Check: package dependencies
Result: NOTE Package suggested but not available for checking: ‘INLA’ Flavors: r-devel-linux-x86_64-debian-clang, r-devel-linux-x86_64-debian-gcc, r-patched-linux-x86_64, r-release-linux-x86_64, r-release-macos-arm64, r-oldrel-macos-arm64, r-oldrel-macos-x86_64, r-oldrel-windows-x86_64