Last updated on 2023-01-31 06:51:24 CET.
Flavor | Version | Tinstall | Tcheck | Ttotal | Status | Flags |
---|---|---|---|---|---|---|
r-devel-linux-x86_64-debian-clang | 0.9.0 | 41.68 | 184.73 | 226.41 | OK | |
r-devel-linux-x86_64-debian-gcc | 0.9.0 | 31.92 | 145.51 | 177.43 | NOTE | |
r-devel-linux-x86_64-fedora-clang | 0.9.0 | 291.16 | NOTE | |||
r-devel-linux-x86_64-fedora-gcc | 0.9.0 | 294.26 | NOTE | |||
r-devel-windows-x86_64 | 0.9.0 | 39.00 | 217.00 | 256.00 | NOTE | |
r-patched-linux-x86_64 | 0.9.0 | 33.87 | 170.06 | 203.93 | OK | |
r-release-linux-x86_64 | 0.9.0 | 35.65 | 181.73 | 217.38 | OK | |
r-release-macos-arm64 | 0.9.0 | 122.00 | OK | |||
r-release-macos-x86_64 | 0.9.0 | 119.00 | OK | |||
r-release-windows-x86_64 | 0.9.0 | 39.00 | 237.00 | 276.00 | OK | |
r-oldrel-macos-arm64 | 0.9.0 | 142.00 | OK | |||
r-oldrel-macos-x86_64 | 0.9.0 | 182.00 | OK | |||
r-oldrel-windows-ix86+x86_64 | 0.9.0 | 98.00 | 339.00 | 437.00 | OK |
Version: 0.9.0
Check: C++ specification
Result: NOTE
Specified C++11: please update to current default of C++17
Flavors: r-devel-linux-x86_64-debian-gcc, r-devel-linux-x86_64-fedora-clang, r-devel-linux-x86_64-fedora-gcc, r-devel-windows-x86_64