CRAN Package Check Results for Package hipread

Last updated on 2020-08-14 06:48:57 CEST.

Flavor Version Tinstall Tcheck Ttotal Status Flags
r-devel-linux-x86_64-debian-clang 0.2.2 163.29 38.99 202.28 OK
r-devel-linux-x86_64-debian-gcc 0.2.2 120.11 29.76 149.87 OK
r-devel-linux-x86_64-fedora-clang 0.2.2 284.14 NOTE
r-devel-linux-x86_64-fedora-gcc 0.2.2 258.02 OK
r-devel-windows-ix86+x86_64 0.2.2 511.00 108.00 619.00 OK
r-patched-linux-x86_64 0.2.2 122.63 38.00 160.63 OK
r-patched-solaris-x86 0.2.2 261.80 OK
r-release-linux-x86_64 0.2.2 123.77 37.59 161.36 OK
r-release-macos-x86_64 0.2.2 NOTE
r-release-windows-ix86+x86_64 0.2.2 503.00 117.00 620.00 OK
r-oldrel-macos-x86_64 0.2.2 NOTE
r-oldrel-windows-ix86+x86_64 0.2.2 306.00 79.00 385.00 OK

Check Details

Version: 0.2.2
Check: installed package size
Result: NOTE
     installed size is 6.6Mb
     sub-directories of 1Mb or more:
     libs 6.1Mb
Flavors: r-devel-linux-x86_64-fedora-clang, r-release-macos-x86_64, r-oldrel-macos-x86_64