Last updated on 2023-03-20 05:52:13 CET.
Flavor | Version | Tinstall | Tcheck | Ttotal | Status | Flags |
---|---|---|---|---|---|---|
r-devel-linux-x86_64-debian-clang | 1.0.0 | OK | ||||
r-devel-linux-x86_64-debian-gcc | 1.0.0 | 2.17 | 22.30 | 24.47 | OK | |
r-devel-linux-x86_64-fedora-clang | 1.0.0 | 41.76 | NOTE | |||
r-devel-linux-x86_64-fedora-gcc | 1.0.0 | 38.80 | NOTE | |||
r-patched-linux-x86_64 | 1.0.0 | 2.64 | 28.80 | 31.44 | OK | |
r-release-linux-x86_64 | 1.0.0 | 2.88 | 28.02 | 30.90 | OK | |
r-release-macos-arm64 | 1.0.0 | 16.00 | NOTE | |||
r-release-macos-x86_64 | 1.0.0 | 24.00 | NOTE | |||
r-release-windows-x86_64 | 1.0.0 | 18.00 | 60.00 | 78.00 | OK | |
r-oldrel-macos-arm64 | 1.0.0 | 22.00 | NOTE | |||
r-oldrel-macos-x86_64 | 1.0.0 | 24.00 | NOTE | |||
r-oldrel-windows-ix86+x86_64 | 1.0.0 | 7.00 | 56.00 | 63.00 | OK |
Version: 1.0.0
Check: data for non-ASCII characters
Result: NOTE
Note: found 9638 marked UTF-8 strings
Flavors: r-devel-linux-x86_64-fedora-clang, r-devel-linux-x86_64-fedora-gcc, r-release-macos-arm64, r-release-macos-x86_64, r-oldrel-macos-arm64, r-oldrel-macos-x86_64