CRAN Package Check Results for Package hkevp

Last updated on 2021-06-21 06:49:10 CEST.

Flavor Version Tinstall Tcheck Ttotal Status Flags
r-devel-linux-x86_64-debian-clang 1.1.4 52.94 52.66 105.60 OK
r-devel-linux-x86_64-debian-gcc 1.1.4 37.22 38.03 75.25 OK
r-devel-linux-x86_64-fedora-clang 1.1.4 154.91 NOTE
r-devel-linux-x86_64-fedora-gcc 1.1.4 131.73 NOTE
r-devel-windows-x86_64 1.1.4 58.00 77.00 135.00 OK
r-devel-windows-x86_64-gcc10-UCRT 1.1.4 OK
r-patched-linux-x86_64 1.1.4 45.37 50.92 96.29 OK
r-patched-solaris-x86 1.1.4 153.90 OK
r-release-linux-x86_64 1.1.4 39.51 50.80 90.31 OK
r-release-macos-arm64 1.1.4 NOTE
r-release-macos-x86_64 1.1.4 NOTE
r-release-windows-ix86+x86_64 1.1.4 114.00 127.00 241.00 OK
r-oldrel-macos-x86_64 1.1.4 NOTE
r-oldrel-windows-ix86+x86_64 1.1.4 80.00 0.00 80.00 OK

Check Details

Version: 1.1.4
Check: compiled code
Result: NOTE
    File ‘hkevp/libs/hkevp.so’:
     Found no calls to: ‘R_registerRoutines’, ‘R_useDynamicSymbols’
    
    It is good practice to register native routines and to disable symbol
    search.
    
    See ‘Writing portable packages’ in the ‘Writing R Extensions’ manual.
Flavors: r-devel-linux-x86_64-fedora-clang, r-devel-linux-x86_64-fedora-gcc

Version: 1.1.4
Check: installed package size
Result: NOTE
     installed size is 6.2Mb
     sub-directories of 1Mb or more:
     libs 6.1Mb
Flavors: r-release-macos-arm64, r-release-macos-x86_64, r-oldrel-macos-x86_64