CRAN Package Check Results for Package hnp

Last updated on 2022-05-22 06:52:01 CEST.

Flavor Version Tinstall Tcheck Ttotal Status Flags
r-devel-linux-x86_64-debian-clang 1.2-6 4.89 68.26 73.15 NOTE
r-devel-linux-x86_64-debian-gcc 1.2-6 4.09 50.86 54.95 NOTE
r-devel-linux-x86_64-fedora-clang 1.2-6 84.45 NOTE
r-devel-linux-x86_64-fedora-gcc 1.2-6 83.17 NOTE
r-devel-windows-x86_64 1.2-6 16.00 86.00 102.00 NOTE
r-patched-linux-x86_64 1.2-6 4.98 11.57 16.55 FAIL
r-release-linux-x86_64 1.2-6 5.41 63.85 69.26 NOTE
r-release-macos-arm64 1.2-6 24.00 NOTE
r-release-macos-x86_64 1.2-6 38.00 NOTE
r-release-windows-x86_64 1.2-6 16.00 83.00 99.00 NOTE
r-oldrel-macos-arm64 1.2-6 34.00 NOTE
r-oldrel-macos-x86_64 1.2-6 52.00 NOTE
r-oldrel-windows-ix86+x86_64 1.2-6 11.00 77.00 88.00 NOTE

Check Details

Version: 1.2-6
Check: package dependencies
Result: NOTE
    Package suggested but not available for checking: 'glmmADMB'
Flavors: r-devel-linux-x86_64-debian-clang, r-devel-linux-x86_64-debian-gcc, r-devel-linux-x86_64-fedora-clang, r-devel-linux-x86_64-fedora-gcc, r-devel-windows-x86_64, r-release-linux-x86_64, r-release-macos-arm64, r-release-macos-x86_64, r-release-windows-x86_64, r-oldrel-macos-arm64, r-oldrel-macos-x86_64, r-oldrel-windows-ix86+x86_64

Version: 1.2-6
Check: package dependencies
Result: FAIL
Flavor: r-patched-linux-x86_64