Last updated on 2023-01-31 06:51:24 CET.
Flavor | Version | Tinstall | Tcheck | Ttotal | Status | Flags |
---|---|---|---|---|---|---|
r-devel-linux-x86_64-debian-clang | 0.2.1 | 26.92 | 320.48 | 347.40 | NOTE | |
r-devel-linux-x86_64-debian-gcc | 0.2.1 | 24.46 | 215.50 | 239.96 | NOTE | |
r-devel-linux-x86_64-fedora-clang | 0.2.1 | 419.69 | NOTE | |||
r-devel-linux-x86_64-fedora-gcc | 0.2.1 | 415.51 | NOTE | |||
r-devel-windows-x86_64 | 0.2.1 | 50.00 | 297.00 | 347.00 | NOTE | |
r-patched-linux-x86_64 | 0.2.1 | 24.42 | 295.92 | 320.34 | NOTE | |
r-release-linux-x86_64 | 0.2.1 | 30.44 | 300.17 | 330.61 | NOTE | |
r-release-macos-arm64 | 0.2.1 | 82.00 | NOTE | |||
r-release-macos-x86_64 | 0.2.1 | 112.00 | NOTE | |||
r-release-windows-x86_64 | 0.2.1 | 48.00 | 302.00 | 350.00 | NOTE | |
r-oldrel-macos-arm64 | 0.2.1 | 74.00 | NOTE | |||
r-oldrel-macos-x86_64 | 0.2.1 | 110.00 | NOTE | |||
r-oldrel-windows-ix86+x86_64 | 0.2.1 | 72.00 | 331.00 | 403.00 | NOTE |
Version: 0.2.1
Check: package dependencies
Result: NOTE
Package suggested but not available for checking: ‘ROI.plugin.mosek’
Flavors: r-devel-linux-x86_64-debian-clang, r-devel-linux-x86_64-debian-gcc, r-devel-linux-x86_64-fedora-clang, r-devel-linux-x86_64-fedora-gcc, r-devel-windows-x86_64, r-patched-linux-x86_64, r-release-linux-x86_64, r-release-macos-arm64, r-release-macos-x86_64, r-release-windows-x86_64, r-oldrel-macos-arm64, r-oldrel-macos-x86_64, r-oldrel-windows-ix86+x86_64