CRAN Package Check Results for Package hopit

Last updated on 2025-01-14 06:56:09 CET.

Flavor Version Tinstall Tcheck Ttotal Status Flags
r-devel-linux-x86_64-debian-clang 0.11.6 34.30 106.73 141.03 OK
r-devel-linux-x86_64-debian-gcc 0.11.6 26.33 76.59 102.92 OK
r-devel-linux-x86_64-fedora-clang 0.11.6 234.11 OK
r-devel-linux-x86_64-fedora-gcc 0.11.6 253.63 OK
r-devel-windows-x86_64 0.11.6 31.00 137.00 168.00 OK
r-patched-linux-x86_64 0.11.6 34.49 103.23 137.72 OK
r-release-linux-x86_64 0.11.6 33.23 99.98 133.21 OK
r-release-macos-arm64 0.11.6 72.00 NOTE
r-release-macos-x86_64 0.11.6 112.00 NOTE
r-release-windows-x86_64 0.11.6 31.00 139.00 170.00 OK
r-oldrel-macos-arm64 0.11.6 84.00 NOTE
r-oldrel-macos-x86_64 0.11.6 198.00 NOTE
r-oldrel-windows-x86_64 0.11.6 44.00 170.00 214.00 OK

Check Details

Version: 0.11.6
Check: installed package size
Result: NOTE installed size is 10.3Mb sub-directories of 1Mb or more: libs 9.6Mb Flavors: r-release-macos-arm64, r-release-macos-x86_64, r-oldrel-macos-arm64, r-oldrel-macos-x86_64